{"id":105,"date":"2023-07-17T14:34:43","date_gmt":"2023-07-17T17:34:43","guid":{"rendered":"https:\/\/adrianaarronte.com.es\/?page_id=105"},"modified":"2025-09-27T12:55:30","modified_gmt":"2025-09-27T10:55:30","slug":"resenas","status":"publish","type":"page","link":"https:\/\/adrianaarronte.com.es\/index.php\/resenas\/","title":{"rendered":"RESE\u00d1AS"},"content":{"rendered":"\n<p class=\"has-ast-global-color-8-color has-text-color has-medium-font-size\">RESE\u00d1AS<\/p>\n\n\n\n<p><a href=\"https:\/\/www.plataformadeartecontemporaneo.com\/pac\/adriana-arronte-diseccion\/\"><strong>Andr\u00e9s Isaac Santana<\/strong>: Adriana Arronte: Disecci\u00f3n. Texto para la revista PAC <\/a><\/p>\n\n\n\n<p><a href=\"https:\/\/oncubanews.com\/cultura\/artes-visuales\/adriana-arronte-y-la-poesia-de-los-sistemas\/\"><strong>Maikel Jos\u00e9 Rodr\u00edguez Calvi\u00f1o:<\/strong> Adriana Arronte y la poes\u00eda de los sistemas<\/a><\/p>\n\n\n\n<p><a href=\"https:\/\/www.galeriavillamanuela.com\/es\/expos\/estado-de-gracia\/\" data-type=\"URL\" data-id=\"https:\/\/www.galeriavillamanuela.com\/es\/expos\/estado-de-gracia\/\"><strong>Luis Enrique Padr\u00f3n P\u00e9rez<\/strong>: <em>Sobre la gracia<\/em>. Texto para la revista Arte cubano<\/a><\/p>\n\n\n\n<p><a href=\"https:\/\/artoncuba.com\/blog-es\/adriana-arronte-y-la-evolucion-de-la-materia\/\"><strong>Yudith Vargas&nbsp;<\/strong>: <em>Adriana Arronte y la evoluci\u00f3n de la materia (o \u00bfpor qu\u00e9 huye el Conejo Blanco?)<\/em>. Texto sobre la exposici\u00f3n Cambio de estado<\/a><\/p>\n\n\n\n<p><a href=\"https:\/\/www.galeriavillamanuela.com\/es\/expos\/cambio-de-estado\/\"><strong>Claudia Taboada<\/strong>: Cambio de estado. Palabras para la exposixi\u00f3n Cambio de estado<\/a><\/p>\n\n\n\n<p><a href=\"https:\/\/artoncuba.com\/articulo\/las-morfologias-del-poder\/\" data-type=\"URL\" data-id=\"https:\/\/artoncuba.com\/articulo\/las-morfologias-del-poder\/\"><strong>Loliett Marrero Delachaux :<\/strong> Las morfolog\u00edas del pode<\/a><a href=\"http:\/\/artoncuba.com\/articulo\/las-morfologias-del-poder\/\" data-type=\"URL\" data-id=\"artoncuba.com\/articulo\/las-morfologias-del-poder\/\">r. Texto para la revista ArtonCuba<\/a><\/p>\n\n\n\n<p><\/p>\n","protected":false},"excerpt":{"rendered":"<p>RESE\u00d1AS Andr\u00e9s Isaac Santana: Adriana Arronte: Disecci\u00f3n. Texto para la revista PAC Maikel Jos\u00e9 Rodr\u00edguez Calvi\u00f1o: Adriana Arronte y la poes\u00eda de los sistemas Luis Enrique Padr\u00f3n P\u00e9rez: Sobre la gracia. Texto para la revista Arte cubano Yudith Vargas&nbsp;: Adriana Arronte y la evoluci\u00f3n de la materia (o \u00bfpor qu\u00e9 huye el Conejo Blanco?). Texto&hellip;&nbsp;<a href=\"https:\/\/adrianaarronte.com.es\/index.php\/resenas\/\" rel=\"bookmark\"><span class=\"screen-reader-text\">RESE\u00d1AS<\/span><\/a><\/p>\n","protected":false},"author":1,"featured_media":0,"parent":0,"menu_order":4,"comment_status":"closed","ping_status":"closed","template":"","meta":{"neve_meta_sidebar":"","neve_meta_container":"","neve_meta_enable_content_width":"","neve_meta_content_width":0,"neve_meta_title_alignment":"","neve_meta_author_avatar":"","neve_post_elements_order":"","neve_meta_disable_header":"","neve_meta_disable_footer":"","neve_meta_disable_title":"on","footnotes":""},"class_list":["post-105","page","type-page","status-publish","hentry"],"yoast_head":"<!-- This site is optimized with the Yoast SEO plugin v21.6 - https:\/\/yoast.com\/wordpress\/plugins\/seo\/ -->\n<title>RESE\u00d1AS - ADRIANA ARRONTE<\/title>\n<meta name=\"description\" content=\"Andr\u00e9s Isaac Santana: Adriana Arronte: Disecci\u00f3n. Texto para la revista PAC Maikel Jos\u00e9 Rodr\u00edguez Calvi\u00f1o: Adriana Arronte y la poes\u00eda de los sistemasLuis Enrique Padr\u00f3n P\u00e9rez: Sobre la gracia. Texto para la revista Arte cubanoYudith Vargas\u00a0: Adriana Arronte y la evoluci\u00f3n de la materia (o \u00bfpor qu\u00e9 huye el Conejo Blanco?). Texto sobre la exposici\u00f3n Cambio de estadoClaudia Taboada: Cambio de estado. Palabras para la exposixi\u00f3n Cambio de estadoLoliett Marrero Delachaux : Las morfolog\u00edas del poder. Texto para la revista ArtonCuba\" \/>\n<meta name=\"robots\" content=\"index, follow, max-snippet:-1, max-image-preview:large, max-video-preview:-1\" \/>\n<link rel=\"canonical\" href=\"https:\/\/adrianaarronte.com.es\/index.php\/resenas\/\" \/>\n<meta property=\"og:locale\" content=\"es_ES\" \/>\n<meta property=\"og:type\" content=\"article\" \/>\n<meta property=\"og:title\" content=\"RESE\u00d1AS - ADRIANA ARRONTE\" \/>\n<meta property=\"og:description\" content=\"Andr\u00e9s Isaac Santana: Adriana Arronte: Disecci\u00f3n. Texto para la revista PAC Maikel Jos\u00e9 Rodr\u00edguez Calvi\u00f1o: Adriana Arronte y la poes\u00eda de los sistemasLuis Enrique Padr\u00f3n P\u00e9rez: Sobre la gracia. Texto para la revista Arte cubanoYudith Vargas\u00a0: Adriana Arronte y la evoluci\u00f3n de la materia (o \u00bfpor qu\u00e9 huye el Conejo Blanco?). Texto sobre la exposici\u00f3n Cambio de estadoClaudia Taboada: Cambio de estado. Palabras para la exposixi\u00f3n Cambio de estadoLoliett Marrero Delachaux : Las morfolog\u00edas del poder. Texto para la revista ArtonCuba\" \/>\n<meta property=\"og:url\" content=\"https:\/\/adrianaarronte.com.es\/index.php\/resenas\/\" \/>\n<meta property=\"og:site_name\" content=\"ADRIANA ARRONTE\" \/>\n<meta property=\"article:modified_time\" content=\"2025-09-27T10:55:30+00:00\" \/>\n<meta name=\"twitter:card\" content=\"summary_large_image\" \/>\n<meta name=\"twitter:label1\" content=\"Tiempo de lectura\" \/>\n\t<meta name=\"twitter:data1\" content=\"1 minuto\" \/>\n<script type=\"application\/ld+json\" class=\"yoast-schema-graph\">{\"@context\":\"https:\/\/schema.org\",\"@graph\":[{\"@type\":\"WebPage\",\"@id\":\"https:\/\/adrianaarronte.com.es\/index.php\/resenas\/\",\"url\":\"https:\/\/adrianaarronte.com.es\/index.php\/resenas\/\",\"name\":\"RESE\u00d1AS - ADRIANA ARRONTE\",\"isPartOf\":{\"@id\":\"https:\/\/adrianaarronte.com.es\/#website\"},\"datePublished\":\"2023-07-17T17:34:43+00:00\",\"dateModified\":\"2025-09-27T10:55:30+00:00\",\"description\":\"Andr\u00e9s Isaac Santana: Adriana Arronte: Disecci\u00f3n. Texto para la revista PAC Maikel Jos\u00e9 Rodr\u00edguez Calvi\u00f1o: Adriana Arronte y la poes\u00eda de los sistemasLuis Enrique Padr\u00f3n P\u00e9rez: Sobre la gracia. Texto para la revista Arte cubanoYudith Vargas\u00a0: Adriana Arronte y la evoluci\u00f3n de la materia (o \u00bfpor qu\u00e9 huye el Conejo Blanco?). Texto sobre la exposici\u00f3n Cambio de estadoClaudia Taboada: Cambio de estado. Palabras para la exposixi\u00f3n Cambio de estadoLoliett Marrero Delachaux : Las morfolog\u00edas del poder. Texto para la revista ArtonCuba\",\"breadcrumb\":{\"@id\":\"https:\/\/adrianaarronte.com.es\/index.php\/resenas\/#breadcrumb\"},\"inLanguage\":\"es\",\"potentialAction\":[{\"@type\":\"ReadAction\",\"target\":[\"https:\/\/adrianaarronte.com.es\/index.php\/resenas\/\"]}]},{\"@type\":\"BreadcrumbList\",\"@id\":\"https:\/\/adrianaarronte.com.es\/index.php\/resenas\/#breadcrumb\",\"itemListElement\":[{\"@type\":\"ListItem\",\"position\":1,\"name\":\"Home\",\"item\":\"https:\/\/adrianaarronte.com.es\/\"},{\"@type\":\"ListItem\",\"position\":2,\"name\":\"RESE\u00d1AS\"}]},{\"@type\":\"WebSite\",\"@id\":\"https:\/\/adrianaarronte.com.es\/#website\",\"url\":\"https:\/\/adrianaarronte.com.es\/\",\"name\":\"ADRIANA ARRONTE\",\"description\":\"\",\"potentialAction\":[{\"@type\":\"SearchAction\",\"target\":{\"@type\":\"EntryPoint\",\"urlTemplate\":\"https:\/\/adrianaarronte.com.es\/?s={search_term_string}\"},\"query-input\":\"required name=search_term_string\"}],\"inLanguage\":\"es\"}]}<\/script>\n<!-- \/ Yoast SEO plugin. -->","yoast_head_json":{"title":"RESE\u00d1AS - ADRIANA ARRONTE","description":"Andr\u00e9s Isaac Santana: Adriana Arronte: Disecci\u00f3n. Texto para la revista PAC Maikel Jos\u00e9 Rodr\u00edguez Calvi\u00f1o: Adriana Arronte y la poes\u00eda de los sistemasLuis Enrique Padr\u00f3n P\u00e9rez: Sobre la gracia. Texto para la revista Arte cubanoYudith Vargas\u00a0: Adriana Arronte y la evoluci\u00f3n de la materia (o \u00bfpor qu\u00e9 huye el Conejo Blanco?). Texto sobre la exposici\u00f3n Cambio de estadoClaudia Taboada: Cambio de estado. Palabras para la exposixi\u00f3n Cambio de estadoLoliett Marrero Delachaux : Las morfolog\u00edas del poder. Texto para la revista ArtonCuba","robots":{"index":"index","follow":"follow","max-snippet":"max-snippet:-1","max-image-preview":"max-image-preview:large","max-video-preview":"max-video-preview:-1"},"canonical":"https:\/\/adrianaarronte.com.es\/index.php\/resenas\/","og_locale":"es_ES","og_type":"article","og_title":"RESE\u00d1AS - ADRIANA ARRONTE","og_description":"Andr\u00e9s Isaac Santana: Adriana Arronte: Disecci\u00f3n. Texto para la revista PAC Maikel Jos\u00e9 Rodr\u00edguez Calvi\u00f1o: Adriana Arronte y la poes\u00eda de los sistemasLuis Enrique Padr\u00f3n P\u00e9rez: Sobre la gracia. Texto para la revista Arte cubanoYudith Vargas\u00a0: Adriana Arronte y la evoluci\u00f3n de la materia (o \u00bfpor qu\u00e9 huye el Conejo Blanco?). Texto sobre la exposici\u00f3n Cambio de estadoClaudia Taboada: Cambio de estado. Palabras para la exposixi\u00f3n Cambio de estadoLoliett Marrero Delachaux : Las morfolog\u00edas del poder. Texto para la revista ArtonCuba","og_url":"https:\/\/adrianaarronte.com.es\/index.php\/resenas\/","og_site_name":"ADRIANA ARRONTE","article_modified_time":"2025-09-27T10:55:30+00:00","twitter_card":"summary_large_image","twitter_misc":{"Tiempo de lectura":"1 minuto"},"schema":{"@context":"https:\/\/schema.org","@graph":[{"@type":"WebPage","@id":"https:\/\/adrianaarronte.com.es\/index.php\/resenas\/","url":"https:\/\/adrianaarronte.com.es\/index.php\/resenas\/","name":"RESE\u00d1AS - ADRIANA ARRONTE","isPartOf":{"@id":"https:\/\/adrianaarronte.com.es\/#website"},"datePublished":"2023-07-17T17:34:43+00:00","dateModified":"2025-09-27T10:55:30+00:00","description":"Andr\u00e9s Isaac Santana: Adriana Arronte: Disecci\u00f3n. Texto para la revista PAC Maikel Jos\u00e9 Rodr\u00edguez Calvi\u00f1o: Adriana Arronte y la poes\u00eda de los sistemasLuis Enrique Padr\u00f3n P\u00e9rez: Sobre la gracia. Texto para la revista Arte cubanoYudith Vargas\u00a0: Adriana Arronte y la evoluci\u00f3n de la materia (o \u00bfpor qu\u00e9 huye el Conejo Blanco?). Texto sobre la exposici\u00f3n Cambio de estadoClaudia Taboada: Cambio de estado. Palabras para la exposixi\u00f3n Cambio de estadoLoliett Marrero Delachaux : Las morfolog\u00edas del poder. Texto para la revista ArtonCuba","breadcrumb":{"@id":"https:\/\/adrianaarronte.com.es\/index.php\/resenas\/#breadcrumb"},"inLanguage":"es","potentialAction":[{"@type":"ReadAction","target":["https:\/\/adrianaarronte.com.es\/index.php\/resenas\/"]}]},{"@type":"BreadcrumbList","@id":"https:\/\/adrianaarronte.com.es\/index.php\/resenas\/#breadcrumb","itemListElement":[{"@type":"ListItem","position":1,"name":"Home","item":"https:\/\/adrianaarronte.com.es\/"},{"@type":"ListItem","position":2,"name":"RESE\u00d1AS"}]},{"@type":"WebSite","@id":"https:\/\/adrianaarronte.com.es\/#website","url":"https:\/\/adrianaarronte.com.es\/","name":"ADRIANA ARRONTE","description":"","potentialAction":[{"@type":"SearchAction","target":{"@type":"EntryPoint","urlTemplate":"https:\/\/adrianaarronte.com.es\/?s={search_term_string}"},"query-input":"required name=search_term_string"}],"inLanguage":"es"}]}},"_links":{"self":[{"href":"https:\/\/adrianaarronte.com.es\/index.php\/wp-json\/wp\/v2\/pages\/105","targetHints":{"allow":["GET"]}}],"collection":[{"href":"https:\/\/adrianaarronte.com.es\/index.php\/wp-json\/wp\/v2\/pages"}],"about":[{"href":"https:\/\/adrianaarronte.com.es\/index.php\/wp-json\/wp\/v2\/types\/page"}],"author":[{"embeddable":true,"href":"https:\/\/adrianaarronte.com.es\/index.php\/wp-json\/wp\/v2\/users\/1"}],"replies":[{"embeddable":true,"href":"https:\/\/adrianaarronte.com.es\/index.php\/wp-json\/wp\/v2\/comments?post=105"}],"version-history":[{"count":4,"href":"https:\/\/adrianaarronte.com.es\/index.php\/wp-json\/wp\/v2\/pages\/105\/revisions"}],"predecessor-version":[{"id":2887,"href":"https:\/\/adrianaarronte.com.es\/index.php\/wp-json\/wp\/v2\/pages\/105\/revisions\/2887"}],"wp:attachment":[{"href":"https:\/\/adrianaarronte.com.es\/index.php\/wp-json\/wp\/v2\/media?parent=105"}],"curies":[{"name":"wp","href":"https:\/\/api.w.org\/{rel}","templated":true}]}}