{"id":1398,"date":"2024-05-03T12:00:00","date_gmt":"2024-05-03T10:00:00","guid":{"rendered":"https:\/\/adrianaarronte.com.es\/?page_id=1398"},"modified":"2025-07-14T16:43:05","modified_gmt":"2025-07-14T14:43:05","slug":"seguridad-de-estado-2","status":"publish","type":"page","link":"https:\/\/adrianaarronte.com.es\/index.php\/obras\/instalaciones\/seguridad-de-estado-2\/","title":{"rendered":"Seguridad de estado"},"content":{"rendered":"\n<p class=\"has-ast-global-color-8-color has-text-color has-link-color has-small-font-size wp-elements-7e98bb49aceecdf987b1e2a5e54fa546\">Instalaciones | Installation art<\/p>\n\n\n\n<div class=\"wp-block-columns is-layout-flex wp-container-core-columns-is-layout-9d6595d7 wp-block-columns-is-layout-flex\">\n<div class=\"wp-block-column is-layout-flow wp-block-column-is-layout-flow\" style=\"flex-basis:33.33%\">\n<figure class=\"wp-block-gallery has-nested-images columns-default is-cropped wp-block-gallery-1 is-layout-flex wp-block-gallery-is-layout-flex\">\n<figure class=\"wp-block-image size-large\"><a href=\"https:\/\/adrianaarronte.com.es\/index.php\/obras\/instalaciones\/seguridad-de-estado\/\"><img loading=\"lazy\" decoding=\"async\" width=\"1024\" height=\"1024\" data-id=\"1372\" src=\"https:\/\/adrianaarronte.com.es\/wp-content\/uploads\/2024\/05\/Seguridad-de-estado-1024x1024.jpg\" alt=\"\" class=\"wp-image-1372\" srcset=\"https:\/\/adrianaarronte.com.es\/wp-content\/uploads\/2024\/05\/Seguridad-de-estado-1024x1024.jpg 1024w, https:\/\/adrianaarronte.com.es\/wp-content\/uploads\/2024\/05\/Seguridad-de-estado-300x300.jpg 300w, https:\/\/adrianaarronte.com.es\/wp-content\/uploads\/2024\/05\/Seguridad-de-estado-150x150.jpg 150w, https:\/\/adrianaarronte.com.es\/wp-content\/uploads\/2024\/05\/Seguridad-de-estado-768x768.jpg 768w, https:\/\/adrianaarronte.com.es\/wp-content\/uploads\/2024\/05\/Seguridad-de-estado.jpg 1080w\" sizes=\"auto, (max-width: 1024px) 100vw, 1024px\" \/><\/a><\/figure>\n<\/figure>\n<\/div>\n\n\n\n<div class=\"wp-block-column is-layout-flow wp-block-column-is-layout-flow\" style=\"flex-basis:66.66%\">\n<p class=\"has-small-font-size\"><strong>SEGURIDAD DE ESTADO | STATE SECURITY <\/strong><br>2021<br>Sonda, colector y luces led |Colector, urinary catheter and led lights.<br>300 x 20 cm<br><br>El control de la micci\u00f3n como met\u00e1fora de la tensi\u00f3n entre los gobiernos y los individuos que conforman una naci\u00f3n. El proceso de conducci\u00f3n y retenci\u00f3n de sus acciones y libertades, en favor o prejuicio de un \u00f3rgano que ejerce el control para garantizar la salud nacional.&nbsp;<\/p>\n\n\n\n<p class=\"has-ast-global-color-8-color has-text-color has-link-color has-small-font-size wp-elements-8629dc8a7926a8b102bae2622076dd54\">The control of urination as a metaphor of the tension between governments and individuals that make up a nation. The process of conducting and retaining their actions and freedoms, in favor or prejudice of a body that exercises control to guarantee national health.<\/p>\n<\/div>\n<\/div>\n\n\n\n<div class=\"wp-block-columns is-layout-flex wp-container-core-columns-is-layout-9d6595d7 wp-block-columns-is-layout-flex\">\n<div class=\"wp-block-column is-layout-flow wp-block-column-is-layout-flow\">\n<figure class=\"wp-block-gallery has-nested-images columns-default is-cropped wp-block-gallery-2 is-layout-flex wp-block-gallery-is-layout-flex\">\n<figure class=\"wp-block-image size-large\"><a href=\"https:\/\/adrianaarronte.com.es\/wp-content\/uploads\/2024\/08\/seguridad-de-estado-scaled.jpg\"><img loading=\"lazy\" decoding=\"async\" width=\"1024\" height=\"773\" data-id=\"1882\" src=\"https:\/\/adrianaarronte.com.es\/wp-content\/uploads\/2024\/08\/seguridad-de-estado-1024x773.jpg\" alt=\"\" class=\"wp-image-1882\" srcset=\"https:\/\/adrianaarronte.com.es\/wp-content\/uploads\/2024\/08\/seguridad-de-estado-1024x773.jpg 1024w, https:\/\/adrianaarronte.com.es\/wp-content\/uploads\/2024\/08\/seguridad-de-estado-300x227.jpg 300w, https:\/\/adrianaarronte.com.es\/wp-content\/uploads\/2024\/08\/seguridad-de-estado-768x580.jpg 768w, https:\/\/adrianaarronte.com.es\/wp-content\/uploads\/2024\/08\/seguridad-de-estado-1536x1160.jpg 1536w, https:\/\/adrianaarronte.com.es\/wp-content\/uploads\/2024\/08\/seguridad-de-estado-2048x1547.jpg 2048w\" sizes=\"auto, (max-width: 1024px) 100vw, 1024px\" \/><\/a><\/figure>\n<\/figure>\n<\/div>\n\n\n\n<div class=\"wp-block-column is-layout-flow wp-block-column-is-layout-flow\">\n<figure class=\"wp-block-gallery has-nested-images columns-default is-cropped wp-block-gallery-3 is-layout-flex wp-block-gallery-is-layout-flex\">\n<figure class=\"wp-block-image size-large\"><a href=\"https:\/\/adrianaarronte.com.es\/wp-content\/uploads\/2024\/08\/seguridad-de-estado-2021-scaled.jpg\"><img loading=\"lazy\" decoding=\"async\" width=\"1024\" height=\"773\" data-id=\"1883\" src=\"https:\/\/adrianaarronte.com.es\/wp-content\/uploads\/2024\/08\/seguridad-de-estado-2021-1024x773.jpg\" alt=\"\" class=\"wp-image-1883\" srcset=\"https:\/\/adrianaarronte.com.es\/wp-content\/uploads\/2024\/08\/seguridad-de-estado-2021-1024x773.jpg 1024w, https:\/\/adrianaarronte.com.es\/wp-content\/uploads\/2024\/08\/seguridad-de-estado-2021-300x227.jpg 300w, https:\/\/adrianaarronte.com.es\/wp-content\/uploads\/2024\/08\/seguridad-de-estado-2021-768x580.jpg 768w, https:\/\/adrianaarronte.com.es\/wp-content\/uploads\/2024\/08\/seguridad-de-estado-2021-1536x1160.jpg 1536w, https:\/\/adrianaarronte.com.es\/wp-content\/uploads\/2024\/08\/seguridad-de-estado-2021-2048x1547.jpg 2048w\" sizes=\"auto, (max-width: 1024px) 100vw, 1024px\" \/><\/a><\/figure>\n<\/figure>\n<\/div>\n<\/div>\n\n\n\n<div class=\"wp-block-columns is-layout-flex wp-container-core-columns-is-layout-9d6595d7 wp-block-columns-is-layout-flex\">\n<div class=\"wp-block-column is-layout-flow wp-block-column-is-layout-flow\">\n<figure class=\"wp-block-gallery has-nested-images columns-default is-cropped wp-block-gallery-4 is-layout-flex wp-block-gallery-is-layout-flex\"><\/figure>\n<\/div>\n<\/div>\n","protected":false},"excerpt":{"rendered":"<p>Instalaciones | Installation art SEGURIDAD DE ESTADO | STATE SECURITY 2021Sonda, colector y luces led |Colector, urinary catheter and led lights.300 x 20 cm El control de la micci\u00f3n como met\u00e1fora de la tensi\u00f3n entre los gobiernos y los individuos que conforman una naci\u00f3n. El proceso de conducci\u00f3n y retenci\u00f3n de sus acciones y libertades,&hellip;&nbsp;<a href=\"https:\/\/adrianaarronte.com.es\/index.php\/obras\/instalaciones\/seguridad-de-estado-2\/\" rel=\"bookmark\"><span class=\"screen-reader-text\">Seguridad de estado<\/span><\/a><\/p>\n","protected":false},"author":1,"featured_media":0,"parent":248,"menu_order":9,"comment_status":"closed","ping_status":"closed","template":"","meta":{"neve_meta_sidebar":"","neve_meta_container":"","neve_meta_enable_content_width":"","neve_meta_content_width":0,"neve_meta_title_alignment":"","neve_meta_author_avatar":"","neve_post_elements_order":"","neve_meta_disable_header":"","neve_meta_disable_footer":"","neve_meta_disable_title":"on","footnotes":""},"class_list":["post-1398","page","type-page","status-publish","hentry"],"yoast_head":"<!-- This site is optimized with the Yoast SEO plugin v21.6 - https:\/\/yoast.com\/wordpress\/plugins\/seo\/ -->\n<title>Seguridad de estado - ADRIANA ARRONTE<\/title>\n<meta name=\"description\" content=\"El control de la micci\u00f3n como met\u00e1fora de la tensi\u00f3n entre los gobiernos y los individuos que conforman una naci\u00f3n. El proceso de conducci\u00f3n y retenci\u00f3n de sus acciones y libertades, en favor o prejuicio de un \u00f3rgano que ejerce el control para garantizar la salud nacional.\u00a0\" \/>\n<meta name=\"robots\" content=\"index, follow, max-snippet:-1, max-image-preview:large, max-video-preview:-1\" \/>\n<link rel=\"canonical\" href=\"https:\/\/adrianaarronte.com.es\/index.php\/obras\/instalaciones\/seguridad-de-estado-2\/\" \/>\n<meta property=\"og:locale\" content=\"es_ES\" \/>\n<meta property=\"og:type\" content=\"article\" \/>\n<meta property=\"og:title\" content=\"Seguridad de estado - ADRIANA ARRONTE\" \/>\n<meta property=\"og:description\" content=\"El control de la micci\u00f3n como met\u00e1fora de la tensi\u00f3n entre los gobiernos y los individuos que conforman una naci\u00f3n. El proceso de conducci\u00f3n y retenci\u00f3n de sus acciones y libertades, en favor o prejuicio de un \u00f3rgano que ejerce el control para garantizar la salud nacional.\u00a0\" \/>\n<meta property=\"og:url\" content=\"https:\/\/adrianaarronte.com.es\/index.php\/obras\/instalaciones\/seguridad-de-estado-2\/\" \/>\n<meta property=\"og:site_name\" content=\"ADRIANA ARRONTE\" \/>\n<meta property=\"article:modified_time\" content=\"2025-07-14T14:43:05+00:00\" \/>\n<meta property=\"og:image\" content=\"https:\/\/adrianaarronte.com.es\/wp-content\/uploads\/2024\/05\/Seguridad-de-estado-1024x1024.jpg\" \/>\n<meta name=\"twitter:card\" content=\"summary_large_image\" \/>\n<meta name=\"twitter:label1\" content=\"Tiempo de lectura\" \/>\n\t<meta name=\"twitter:data1\" content=\"2 minutos\" \/>\n<script type=\"application\/ld+json\" class=\"yoast-schema-graph\">{\"@context\":\"https:\/\/schema.org\",\"@graph\":[{\"@type\":\"WebPage\",\"@id\":\"https:\/\/adrianaarronte.com.es\/index.php\/obras\/instalaciones\/seguridad-de-estado-2\/\",\"url\":\"https:\/\/adrianaarronte.com.es\/index.php\/obras\/instalaciones\/seguridad-de-estado-2\/\",\"name\":\"Seguridad de estado - ADRIANA ARRONTE\",\"isPartOf\":{\"@id\":\"https:\/\/adrianaarronte.com.es\/#website\"},\"datePublished\":\"2024-05-03T10:00:00+00:00\",\"dateModified\":\"2025-07-14T14:43:05+00:00\",\"description\":\"El control de la micci\u00f3n como met\u00e1fora de la tensi\u00f3n entre los gobiernos y los individuos que conforman una naci\u00f3n. El proceso de conducci\u00f3n y retenci\u00f3n de sus acciones y libertades, en favor o prejuicio de un \u00f3rgano que ejerce el control para garantizar la salud nacional.\u00a0\",\"breadcrumb\":{\"@id\":\"https:\/\/adrianaarronte.com.es\/index.php\/obras\/instalaciones\/seguridad-de-estado-2\/#breadcrumb\"},\"inLanguage\":\"es\",\"potentialAction\":[{\"@type\":\"ReadAction\",\"target\":[\"https:\/\/adrianaarronte.com.es\/index.php\/obras\/instalaciones\/seguridad-de-estado-2\/\"]}]},{\"@type\":\"BreadcrumbList\",\"@id\":\"https:\/\/adrianaarronte.com.es\/index.php\/obras\/instalaciones\/seguridad-de-estado-2\/#breadcrumb\",\"itemListElement\":[{\"@type\":\"ListItem\",\"position\":1,\"name\":\"Home\",\"item\":\"https:\/\/adrianaarronte.com.es\/\"},{\"@type\":\"ListItem\",\"position\":2,\"name\":\"OBRAS\",\"item\":\"https:\/\/adrianaarronte.com.es\/index.php\/obras\/\"},{\"@type\":\"ListItem\",\"position\":3,\"name\":\"Instalaciones\",\"item\":\"https:\/\/adrianaarronte.com.es\/index.php\/obras\/instalaciones\/\"},{\"@type\":\"ListItem\",\"position\":4,\"name\":\"Seguridad de estado\"}]},{\"@type\":\"WebSite\",\"@id\":\"https:\/\/adrianaarronte.com.es\/#website\",\"url\":\"https:\/\/adrianaarronte.com.es\/\",\"name\":\"ADRIANA ARRONTE\",\"description\":\"\",\"potentialAction\":[{\"@type\":\"SearchAction\",\"target\":{\"@type\":\"EntryPoint\",\"urlTemplate\":\"https:\/\/adrianaarronte.com.es\/?s={search_term_string}\"},\"query-input\":\"required name=search_term_string\"}],\"inLanguage\":\"es\"}]}<\/script>\n<!-- \/ Yoast SEO plugin. -->","yoast_head_json":{"title":"Seguridad de estado - ADRIANA ARRONTE","description":"El control de la micci\u00f3n como met\u00e1fora de la tensi\u00f3n entre los gobiernos y los individuos que conforman una naci\u00f3n. El proceso de conducci\u00f3n y retenci\u00f3n de sus acciones y libertades, en favor o prejuicio de un \u00f3rgano que ejerce el control para garantizar la salud nacional.\u00a0","robots":{"index":"index","follow":"follow","max-snippet":"max-snippet:-1","max-image-preview":"max-image-preview:large","max-video-preview":"max-video-preview:-1"},"canonical":"https:\/\/adrianaarronte.com.es\/index.php\/obras\/instalaciones\/seguridad-de-estado-2\/","og_locale":"es_ES","og_type":"article","og_title":"Seguridad de estado - ADRIANA ARRONTE","og_description":"El control de la micci\u00f3n como met\u00e1fora de la tensi\u00f3n entre los gobiernos y los individuos que conforman una naci\u00f3n. El proceso de conducci\u00f3n y retenci\u00f3n de sus acciones y libertades, en favor o prejuicio de un \u00f3rgano que ejerce el control para garantizar la salud nacional.\u00a0","og_url":"https:\/\/adrianaarronte.com.es\/index.php\/obras\/instalaciones\/seguridad-de-estado-2\/","og_site_name":"ADRIANA ARRONTE","article_modified_time":"2025-07-14T14:43:05+00:00","og_image":[{"url":"https:\/\/adrianaarronte.com.es\/wp-content\/uploads\/2024\/05\/Seguridad-de-estado-1024x1024.jpg"}],"twitter_card":"summary_large_image","twitter_misc":{"Tiempo de lectura":"2 minutos"},"schema":{"@context":"https:\/\/schema.org","@graph":[{"@type":"WebPage","@id":"https:\/\/adrianaarronte.com.es\/index.php\/obras\/instalaciones\/seguridad-de-estado-2\/","url":"https:\/\/adrianaarronte.com.es\/index.php\/obras\/instalaciones\/seguridad-de-estado-2\/","name":"Seguridad de estado - ADRIANA ARRONTE","isPartOf":{"@id":"https:\/\/adrianaarronte.com.es\/#website"},"datePublished":"2024-05-03T10:00:00+00:00","dateModified":"2025-07-14T14:43:05+00:00","description":"El control de la micci\u00f3n como met\u00e1fora de la tensi\u00f3n entre los gobiernos y los individuos que conforman una naci\u00f3n. El proceso de conducci\u00f3n y retenci\u00f3n de sus acciones y libertades, en favor o prejuicio de un \u00f3rgano que ejerce el control para garantizar la salud nacional.\u00a0","breadcrumb":{"@id":"https:\/\/adrianaarronte.com.es\/index.php\/obras\/instalaciones\/seguridad-de-estado-2\/#breadcrumb"},"inLanguage":"es","potentialAction":[{"@type":"ReadAction","target":["https:\/\/adrianaarronte.com.es\/index.php\/obras\/instalaciones\/seguridad-de-estado-2\/"]}]},{"@type":"BreadcrumbList","@id":"https:\/\/adrianaarronte.com.es\/index.php\/obras\/instalaciones\/seguridad-de-estado-2\/#breadcrumb","itemListElement":[{"@type":"ListItem","position":1,"name":"Home","item":"https:\/\/adrianaarronte.com.es\/"},{"@type":"ListItem","position":2,"name":"OBRAS","item":"https:\/\/adrianaarronte.com.es\/index.php\/obras\/"},{"@type":"ListItem","position":3,"name":"Instalaciones","item":"https:\/\/adrianaarronte.com.es\/index.php\/obras\/instalaciones\/"},{"@type":"ListItem","position":4,"name":"Seguridad de estado"}]},{"@type":"WebSite","@id":"https:\/\/adrianaarronte.com.es\/#website","url":"https:\/\/adrianaarronte.com.es\/","name":"ADRIANA ARRONTE","description":"","potentialAction":[{"@type":"SearchAction","target":{"@type":"EntryPoint","urlTemplate":"https:\/\/adrianaarronte.com.es\/?s={search_term_string}"},"query-input":"required name=search_term_string"}],"inLanguage":"es"}]}},"_links":{"self":[{"href":"https:\/\/adrianaarronte.com.es\/index.php\/wp-json\/wp\/v2\/pages\/1398","targetHints":{"allow":["GET"]}}],"collection":[{"href":"https:\/\/adrianaarronte.com.es\/index.php\/wp-json\/wp\/v2\/pages"}],"about":[{"href":"https:\/\/adrianaarronte.com.es\/index.php\/wp-json\/wp\/v2\/types\/page"}],"author":[{"embeddable":true,"href":"https:\/\/adrianaarronte.com.es\/index.php\/wp-json\/wp\/v2\/users\/1"}],"replies":[{"embeddable":true,"href":"https:\/\/adrianaarronte.com.es\/index.php\/wp-json\/wp\/v2\/comments?post=1398"}],"version-history":[{"count":5,"href":"https:\/\/adrianaarronte.com.es\/index.php\/wp-json\/wp\/v2\/pages\/1398\/revisions"}],"predecessor-version":[{"id":1887,"href":"https:\/\/adrianaarronte.com.es\/index.php\/wp-json\/wp\/v2\/pages\/1398\/revisions\/1887"}],"up":[{"embeddable":true,"href":"https:\/\/adrianaarronte.com.es\/index.php\/wp-json\/wp\/v2\/pages\/248"}],"wp:attachment":[{"href":"https:\/\/adrianaarronte.com.es\/index.php\/wp-json\/wp\/v2\/media?parent=1398"}],"curies":[{"name":"wp","href":"https:\/\/api.w.org\/{rel}","templated":true}]}}