{"id":2338,"date":"2025-07-14T22:27:27","date_gmt":"2025-07-14T20:27:27","guid":{"rendered":"https:\/\/adrianaarronte.com.es\/?page_id=2338"},"modified":"2025-08-20T13:49:25","modified_gmt":"2025-08-20T11:49:25","slug":"estado-de-gracia","status":"publish","type":"page","link":"https:\/\/adrianaarronte.com.es\/index.php\/noticias\/exposiciones-individuales\/estado-de-gracia\/","title":{"rendered":"Exposici\u00f3n Estado de gracia"},"content":{"rendered":"\n<p class=\"has-small-font-size\"><a href=\"https:\/\/adrianaarronte.com.es\/index.php\/noticias\/exposiciones-individuales\/\"><a href=\"https:\/\/adrianaarronte.com.es\/index.php\/noticias\/exposiciones-individuales\/\">Exposiciones individuales<\/a><\/a><\/p>\n\n\n\n<p class=\"has-small-font-size\"><strong>Estado de gracia<\/strong>. Galer\u00eda Villa Manuela. La Habana, Cuba, 2019<\/p>\n\n\n\n<div class=\"wp-block-columns is-layout-flex wp-container-core-columns-is-layout-9d6595d7 wp-block-columns-is-layout-flex\">\n<div class=\"wp-block-column is-layout-flow wp-block-column-is-layout-flow\">\n<figure class=\"wp-block-gallery has-nested-images columns-default is-cropped wp-block-gallery-1 is-layout-flex wp-block-gallery-is-layout-flex\">\n<figure class=\"wp-block-image size-large\"><a href=\"https:\/\/adrianaarronte.com.es\/wp-content\/uploads\/2025\/07\/Los-estados-2019.jpg\"><img loading=\"lazy\" decoding=\"async\" width=\"1000\" height=\"665\" data-id=\"2343\" src=\"https:\/\/adrianaarronte.com.es\/wp-content\/uploads\/2025\/07\/Los-estados-2019.jpg\" alt=\"\" class=\"wp-image-2343\" srcset=\"https:\/\/adrianaarronte.com.es\/wp-content\/uploads\/2025\/07\/Los-estados-2019.jpg 1000w, https:\/\/adrianaarronte.com.es\/wp-content\/uploads\/2025\/07\/Los-estados-2019-300x200.jpg 300w, https:\/\/adrianaarronte.com.es\/wp-content\/uploads\/2025\/07\/Los-estados-2019-768x511.jpg 768w\" sizes=\"auto, (max-width: 1000px) 100vw, 1000px\" \/><\/a><\/figure>\n<\/figure>\n\n\n\n<p class=\"has-small-font-size\"><strong><a href=\"https:\/\/adrianaarronte.com.es\/index.php\/obras\/instalaciones\/los-estados-debiles\/\">LOS ESTADOS D\u00c9BILES | WEAK STATES<\/a><\/strong> \/ Intervenci\u00f3n en mosquiteros<\/p>\n<\/div>\n<\/div>\n\n\n\n<div class=\"wp-block-columns is-layout-flex wp-container-core-columns-is-layout-9d6595d7 wp-block-columns-is-layout-flex\">\n<div class=\"wp-block-column is-layout-flow wp-block-column-is-layout-flow\">\n<figure class=\"wp-block-gallery has-nested-images columns-default is-cropped wp-block-gallery-2 is-layout-flex wp-block-gallery-is-layout-flex\">\n<figure class=\"wp-block-image size-large\"><a href=\"https:\/\/adrianaarronte.com.es\/wp-content\/uploads\/2025\/07\/serie-estado-de-gracia.jpg\"><img loading=\"lazy\" decoding=\"async\" width=\"1024\" height=\"681\" data-id=\"2353\" src=\"https:\/\/adrianaarronte.com.es\/wp-content\/uploads\/2025\/07\/serie-estado-de-gracia-1024x681.jpg\" alt=\"\" class=\"wp-image-2353\" srcset=\"https:\/\/adrianaarronte.com.es\/wp-content\/uploads\/2025\/07\/serie-estado-de-gracia-1024x681.jpg 1024w, https:\/\/adrianaarronte.com.es\/wp-content\/uploads\/2025\/07\/serie-estado-de-gracia-300x199.jpg 300w, https:\/\/adrianaarronte.com.es\/wp-content\/uploads\/2025\/07\/serie-estado-de-gracia-768x511.jpg 768w, https:\/\/adrianaarronte.com.es\/wp-content\/uploads\/2025\/07\/serie-estado-de-gracia.jpg 1229w\" sizes=\"auto, (max-width: 1024px) 100vw, 1024px\" \/><\/a><\/figure>\n<\/figure>\n\n\n\n<p class=\"has-small-font-size\"><strong><a href=\"https:\/\/adrianaarronte.com.es\/index.php\/obras\/dibujos-drawings\/estado-de-gracia\/\">SERIE ESTADO DE GRACIA | STATE OF GRACE<\/a><\/strong> \/ Bisuter\u00eda, monedas, metal y marco de madera y cristal<\/p>\n<\/div>\n\n\n\n<div class=\"wp-block-column is-layout-flow wp-block-column-is-layout-flow\">\n<figure class=\"wp-block-gallery has-nested-images columns-default is-cropped wp-block-gallery-3 is-layout-flex wp-block-gallery-is-layout-flex\">\n<figure class=\"wp-block-image size-large\"><a href=\"https:\/\/adrianaarronte.com.es\/wp-content\/uploads\/2025\/07\/IMPLANTES-TRASPLANTES-Y-MIGRACIONES.-panoramica-1.jpg\"><img loading=\"lazy\" decoding=\"async\" width=\"1024\" height=\"681\" data-id=\"2352\" src=\"https:\/\/adrianaarronte.com.es\/wp-content\/uploads\/2025\/07\/IMPLANTES-TRASPLANTES-Y-MIGRACIONES.-panoramica-1-1024x681.jpg\" alt=\"\" class=\"wp-image-2352\" srcset=\"https:\/\/adrianaarronte.com.es\/wp-content\/uploads\/2025\/07\/IMPLANTES-TRASPLANTES-Y-MIGRACIONES.-panoramica-1-1024x681.jpg 1024w, https:\/\/adrianaarronte.com.es\/wp-content\/uploads\/2025\/07\/IMPLANTES-TRASPLANTES-Y-MIGRACIONES.-panoramica-1-300x199.jpg 300w, https:\/\/adrianaarronte.com.es\/wp-content\/uploads\/2025\/07\/IMPLANTES-TRASPLANTES-Y-MIGRACIONES.-panoramica-1-768x511.jpg 768w, https:\/\/adrianaarronte.com.es\/wp-content\/uploads\/2025\/07\/IMPLANTES-TRASPLANTES-Y-MIGRACIONES.-panoramica-1.jpg 1107w\" sizes=\"auto, (max-width: 1024px) 100vw, 1024px\" \/><\/a><\/figure>\n<\/figure>\n\n\n\n<p class=\"has-small-font-size\"><a href=\"https:\/\/adrianaarronte.com.es\/index.php\/obras\/objetos-objects\/implantes-trasplantes-y-migraciones\/\">IMPLANTES TRASPLANTES Y MIGRACIONES | TRANSPLANT IMPLANTS AND MIGRATIONS<\/a> \/ Cer\u00e1mica<\/p>\n<\/div>\n<\/div>\n\n\n\n<p class=\"has-small-font-size\"><a href=\"https:\/\/adrianaarronte.com.es\/index.php\/noticias\/\">EXPOSICIONES<\/a><\/p>\n\n\n\n<p><\/p>\n","protected":false},"excerpt":{"rendered":"<p>Exposiciones individuales Estado de gracia. Galer\u00eda Villa Manuela. La Habana, Cuba, 2019 LOS ESTADOS D\u00c9BILES | WEAK STATES \/ Intervenci\u00f3n en mosquiteros SERIE ESTADO DE GRACIA | STATE OF GRACE \/ Bisuter\u00eda, monedas, metal y marco de madera y cristal IMPLANTES TRASPLANTES Y MIGRACIONES | TRANSPLANT IMPLANTS AND MIGRATIONS \/ Cer\u00e1mica EXPOSICIONES<\/p>\n","protected":false},"author":1,"featured_media":0,"parent":2004,"menu_order":0,"comment_status":"closed","ping_status":"closed","template":"","meta":{"neve_meta_sidebar":"","neve_meta_container":"","neve_meta_enable_content_width":"","neve_meta_content_width":0,"neve_meta_title_alignment":"","neve_meta_author_avatar":"","neve_post_elements_order":"","neve_meta_disable_header":"","neve_meta_disable_footer":"","neve_meta_disable_title":"on","footnotes":""},"class_list":["post-2338","page","type-page","status-publish","hentry"],"yoast_head":"<!-- This site is optimized with the Yoast SEO plugin v21.6 - https:\/\/yoast.com\/wordpress\/plugins\/seo\/ -->\n<title>Exposici\u00f3n Estado de gracia - ADRIANA ARRONTE<\/title>\n<meta name=\"description\" content=\"A Adriana Arronte le seduce cuestionar la capacidad de auto-representaci\u00f3n que ostentan las sociedades contempor\u00e1neas. Estado de gracia, ensayo en toda regla, llega en un momento crucial de nuestra cultura para demostrar que la gloria no es un absoluto, sino un relativo. De esta manera traduce un gran sentir colectivo, que marca hoy algunas l\u00edneas fundamentales del pensamiento y la creaci\u00f3n en Cuba: el derecho de la ciudadan\u00eda a tener el poder sobre sus propios s\u00edmbolos.\" \/>\n<meta name=\"robots\" content=\"index, follow, max-snippet:-1, max-image-preview:large, max-video-preview:-1\" \/>\n<link rel=\"canonical\" href=\"https:\/\/adrianaarronte.com.es\/index.php\/noticias\/exposiciones-individuales\/estado-de-gracia\/\" \/>\n<meta property=\"og:locale\" content=\"es_ES\" \/>\n<meta property=\"og:type\" content=\"article\" \/>\n<meta property=\"og:title\" content=\"Exposici\u00f3n Estado de gracia - ADRIANA ARRONTE\" \/>\n<meta property=\"og:description\" content=\"A Adriana Arronte le seduce cuestionar la capacidad de auto-representaci\u00f3n que ostentan las sociedades contempor\u00e1neas. Estado de gracia, ensayo en toda regla, llega en un momento crucial de nuestra cultura para demostrar que la gloria no es un absoluto, sino un relativo. De esta manera traduce un gran sentir colectivo, que marca hoy algunas l\u00edneas fundamentales del pensamiento y la creaci\u00f3n en Cuba: el derecho de la ciudadan\u00eda a tener el poder sobre sus propios s\u00edmbolos.\" \/>\n<meta property=\"og:url\" content=\"https:\/\/adrianaarronte.com.es\/index.php\/noticias\/exposiciones-individuales\/estado-de-gracia\/\" \/>\n<meta property=\"og:site_name\" content=\"ADRIANA ARRONTE\" \/>\n<meta property=\"article:modified_time\" content=\"2025-08-20T11:49:25+00:00\" \/>\n<meta property=\"og:image\" content=\"https:\/\/adrianaarronte.com.es\/wp-content\/uploads\/2025\/07\/Los-estados-2019.jpg\" \/>\n<meta name=\"twitter:card\" content=\"summary_large_image\" \/>\n<meta name=\"twitter:label1\" content=\"Tiempo de lectura\" \/>\n\t<meta name=\"twitter:data1\" content=\"1 minuto\" \/>\n<script type=\"application\/ld+json\" class=\"yoast-schema-graph\">{\"@context\":\"https:\/\/schema.org\",\"@graph\":[{\"@type\":\"WebPage\",\"@id\":\"https:\/\/adrianaarronte.com.es\/index.php\/noticias\/exposiciones-individuales\/estado-de-gracia\/\",\"url\":\"https:\/\/adrianaarronte.com.es\/index.php\/noticias\/exposiciones-individuales\/estado-de-gracia\/\",\"name\":\"Exposici\u00f3n Estado de gracia - ADRIANA ARRONTE\",\"isPartOf\":{\"@id\":\"https:\/\/adrianaarronte.com.es\/#website\"},\"datePublished\":\"2025-07-14T20:27:27+00:00\",\"dateModified\":\"2025-08-20T11:49:25+00:00\",\"description\":\"A Adriana Arronte le seduce cuestionar la capacidad de auto-representaci\u00f3n que ostentan las sociedades contempor\u00e1neas. Estado de gracia, ensayo en toda regla, llega en un momento crucial de nuestra cultura para demostrar que la gloria no es un absoluto, sino un relativo. De esta manera traduce un gran sentir colectivo, que marca hoy algunas l\u00edneas fundamentales del pensamiento y la creaci\u00f3n en Cuba: el derecho de la ciudadan\u00eda a tener el poder sobre sus propios s\u00edmbolos.\",\"breadcrumb\":{\"@id\":\"https:\/\/adrianaarronte.com.es\/index.php\/noticias\/exposiciones-individuales\/estado-de-gracia\/#breadcrumb\"},\"inLanguage\":\"es\",\"potentialAction\":[{\"@type\":\"ReadAction\",\"target\":[\"https:\/\/adrianaarronte.com.es\/index.php\/noticias\/exposiciones-individuales\/estado-de-gracia\/\"]}]},{\"@type\":\"BreadcrumbList\",\"@id\":\"https:\/\/adrianaarronte.com.es\/index.php\/noticias\/exposiciones-individuales\/estado-de-gracia\/#breadcrumb\",\"itemListElement\":[{\"@type\":\"ListItem\",\"position\":1,\"name\":\"Home\",\"item\":\"https:\/\/adrianaarronte.com.es\/\"},{\"@type\":\"ListItem\",\"position\":2,\"name\":\"EXPOSICIONES\",\"item\":\"https:\/\/adrianaarronte.com.es\/index.php\/noticias\/\"},{\"@type\":\"ListItem\",\"position\":3,\"name\":\"Exposiciones individuales\",\"item\":\"https:\/\/adrianaarronte.com.es\/index.php\/noticias\/exposiciones-individuales\/\"},{\"@type\":\"ListItem\",\"position\":4,\"name\":\"Exposici\u00f3n Estado de gracia\"}]},{\"@type\":\"WebSite\",\"@id\":\"https:\/\/adrianaarronte.com.es\/#website\",\"url\":\"https:\/\/adrianaarronte.com.es\/\",\"name\":\"ADRIANA ARRONTE\",\"description\":\"\",\"potentialAction\":[{\"@type\":\"SearchAction\",\"target\":{\"@type\":\"EntryPoint\",\"urlTemplate\":\"https:\/\/adrianaarronte.com.es\/?s={search_term_string}\"},\"query-input\":\"required name=search_term_string\"}],\"inLanguage\":\"es\"}]}<\/script>\n<!-- \/ Yoast SEO plugin. -->","yoast_head_json":{"title":"Exposici\u00f3n Estado de gracia - ADRIANA ARRONTE","description":"A Adriana Arronte le seduce cuestionar la capacidad de auto-representaci\u00f3n que ostentan las sociedades contempor\u00e1neas. Estado de gracia, ensayo en toda regla, llega en un momento crucial de nuestra cultura para demostrar que la gloria no es un absoluto, sino un relativo. De esta manera traduce un gran sentir colectivo, que marca hoy algunas l\u00edneas fundamentales del pensamiento y la creaci\u00f3n en Cuba: el derecho de la ciudadan\u00eda a tener el poder sobre sus propios s\u00edmbolos.","robots":{"index":"index","follow":"follow","max-snippet":"max-snippet:-1","max-image-preview":"max-image-preview:large","max-video-preview":"max-video-preview:-1"},"canonical":"https:\/\/adrianaarronte.com.es\/index.php\/noticias\/exposiciones-individuales\/estado-de-gracia\/","og_locale":"es_ES","og_type":"article","og_title":"Exposici\u00f3n Estado de gracia - ADRIANA ARRONTE","og_description":"A Adriana Arronte le seduce cuestionar la capacidad de auto-representaci\u00f3n que ostentan las sociedades contempor\u00e1neas. Estado de gracia, ensayo en toda regla, llega en un momento crucial de nuestra cultura para demostrar que la gloria no es un absoluto, sino un relativo. De esta manera traduce un gran sentir colectivo, que marca hoy algunas l\u00edneas fundamentales del pensamiento y la creaci\u00f3n en Cuba: el derecho de la ciudadan\u00eda a tener el poder sobre sus propios s\u00edmbolos.","og_url":"https:\/\/adrianaarronte.com.es\/index.php\/noticias\/exposiciones-individuales\/estado-de-gracia\/","og_site_name":"ADRIANA ARRONTE","article_modified_time":"2025-08-20T11:49:25+00:00","og_image":[{"url":"https:\/\/adrianaarronte.com.es\/wp-content\/uploads\/2025\/07\/Los-estados-2019.jpg"}],"twitter_card":"summary_large_image","twitter_misc":{"Tiempo de lectura":"1 minuto"},"schema":{"@context":"https:\/\/schema.org","@graph":[{"@type":"WebPage","@id":"https:\/\/adrianaarronte.com.es\/index.php\/noticias\/exposiciones-individuales\/estado-de-gracia\/","url":"https:\/\/adrianaarronte.com.es\/index.php\/noticias\/exposiciones-individuales\/estado-de-gracia\/","name":"Exposici\u00f3n Estado de gracia - ADRIANA ARRONTE","isPartOf":{"@id":"https:\/\/adrianaarronte.com.es\/#website"},"datePublished":"2025-07-14T20:27:27+00:00","dateModified":"2025-08-20T11:49:25+00:00","description":"A Adriana Arronte le seduce cuestionar la capacidad de auto-representaci\u00f3n que ostentan las sociedades contempor\u00e1neas. Estado de gracia, ensayo en toda regla, llega en un momento crucial de nuestra cultura para demostrar que la gloria no es un absoluto, sino un relativo. De esta manera traduce un gran sentir colectivo, que marca hoy algunas l\u00edneas fundamentales del pensamiento y la creaci\u00f3n en Cuba: el derecho de la ciudadan\u00eda a tener el poder sobre sus propios s\u00edmbolos.","breadcrumb":{"@id":"https:\/\/adrianaarronte.com.es\/index.php\/noticias\/exposiciones-individuales\/estado-de-gracia\/#breadcrumb"},"inLanguage":"es","potentialAction":[{"@type":"ReadAction","target":["https:\/\/adrianaarronte.com.es\/index.php\/noticias\/exposiciones-individuales\/estado-de-gracia\/"]}]},{"@type":"BreadcrumbList","@id":"https:\/\/adrianaarronte.com.es\/index.php\/noticias\/exposiciones-individuales\/estado-de-gracia\/#breadcrumb","itemListElement":[{"@type":"ListItem","position":1,"name":"Home","item":"https:\/\/adrianaarronte.com.es\/"},{"@type":"ListItem","position":2,"name":"EXPOSICIONES","item":"https:\/\/adrianaarronte.com.es\/index.php\/noticias\/"},{"@type":"ListItem","position":3,"name":"Exposiciones individuales","item":"https:\/\/adrianaarronte.com.es\/index.php\/noticias\/exposiciones-individuales\/"},{"@type":"ListItem","position":4,"name":"Exposici\u00f3n Estado de gracia"}]},{"@type":"WebSite","@id":"https:\/\/adrianaarronte.com.es\/#website","url":"https:\/\/adrianaarronte.com.es\/","name":"ADRIANA ARRONTE","description":"","potentialAction":[{"@type":"SearchAction","target":{"@type":"EntryPoint","urlTemplate":"https:\/\/adrianaarronte.com.es\/?s={search_term_string}"},"query-input":"required name=search_term_string"}],"inLanguage":"es"}]}},"_links":{"self":[{"href":"https:\/\/adrianaarronte.com.es\/index.php\/wp-json\/wp\/v2\/pages\/2338","targetHints":{"allow":["GET"]}}],"collection":[{"href":"https:\/\/adrianaarronte.com.es\/index.php\/wp-json\/wp\/v2\/pages"}],"about":[{"href":"https:\/\/adrianaarronte.com.es\/index.php\/wp-json\/wp\/v2\/types\/page"}],"author":[{"embeddable":true,"href":"https:\/\/adrianaarronte.com.es\/index.php\/wp-json\/wp\/v2\/users\/1"}],"replies":[{"embeddable":true,"href":"https:\/\/adrianaarronte.com.es\/index.php\/wp-json\/wp\/v2\/comments?post=2338"}],"version-history":[{"count":14,"href":"https:\/\/adrianaarronte.com.es\/index.php\/wp-json\/wp\/v2\/pages\/2338\/revisions"}],"predecessor-version":[{"id":2701,"href":"https:\/\/adrianaarronte.com.es\/index.php\/wp-json\/wp\/v2\/pages\/2338\/revisions\/2701"}],"up":[{"embeddable":true,"href":"https:\/\/adrianaarronte.com.es\/index.php\/wp-json\/wp\/v2\/pages\/2004"}],"wp:attachment":[{"href":"https:\/\/adrianaarronte.com.es\/index.php\/wp-json\/wp\/v2\/media?parent=2338"}],"curies":[{"name":"wp","href":"https:\/\/api.w.org\/{rel}","templated":true}]}}