{"id":2568,"date":"2025-07-22T15:36:17","date_gmt":"2025-07-22T13:36:17","guid":{"rendered":"https:\/\/adrianaarronte.com.es\/?page_id=2568"},"modified":"2025-08-21T13:39:14","modified_gmt":"2025-08-21T11:39:14","slug":"exposicion-dialogos-coleccion-ella-fontanals-cisneros","status":"publish","type":"page","link":"https:\/\/adrianaarronte.com.es\/index.php\/noticias\/exposiciones-colectivas\/exposicion-dialogos-coleccion-ella-fontanals-cisneros\/","title":{"rendered":"Exposici\u00f3n Di\u00e1logos"},"content":{"rendered":"\n<p class=\"has-small-font-size\"><a href=\"https:\/\/adrianaarronte.com.es\/index.php\/noticias\/exposiciones-colectivas\/\">Exposiciones colectivas<\/a><\/p>\n\n\n\n<p class=\"has-small-font-size\"><a href=\"https:\/\/www.marco.org.mx\/exhibiciones__2025_ella-fontanals-cisneros\/\"><strong>Di\u00e1logos. Artistas mujeres en la Colecci\u00f3n Ella Fontanals-Cisneros<\/strong>. Museo de Arte Contempor\u00e1neo de Monterrey MARCO. 2025<\/a><br>Curadur\u00eda Taiyana Pimentel, directora de MARCO y Sergio Fontanella, director de operaciones y colecciones de Cisneros Fontanals Art Foundation CIFO.<\/p>\n\n\n\n<p class=\"has-small-font-size\"><strong>CORONAS&nbsp;<\/strong>|<strong>&nbsp;CROWNS<\/strong>, 2015 \/ Instalaci\u00f3n | sculpture- Installation \/ Resina y metacrilato | Metacrilato and resin<br><\/p>\n\n\n\n<div class=\"wp-block-columns is-layout-flex wp-container-core-columns-is-layout-9d6595d7 wp-block-columns-is-layout-flex\">\n<div class=\"wp-block-column is-layout-flow wp-block-column-is-layout-flow\">\n<figure class=\"wp-block-gallery has-nested-images columns-default is-cropped wp-block-gallery-1 is-layout-flex wp-block-gallery-is-layout-flex\">\n<figure class=\"wp-block-image size-large\"><img loading=\"lazy\" decoding=\"async\" width=\"819\" height=\"1024\" data-id=\"2640\" src=\"https:\/\/adrianaarronte.com.es\/wp-content\/uploads\/2025\/08\/Coronas-MARCO-07-819x1024.jpg\" alt=\"\" class=\"wp-image-2640\" srcset=\"https:\/\/adrianaarronte.com.es\/wp-content\/uploads\/2025\/08\/Coronas-MARCO-07-819x1024.jpg 819w, https:\/\/adrianaarronte.com.es\/wp-content\/uploads\/2025\/08\/Coronas-MARCO-07-240x300.jpg 240w, https:\/\/adrianaarronte.com.es\/wp-content\/uploads\/2025\/08\/Coronas-MARCO-07-768x960.jpg 768w, https:\/\/adrianaarronte.com.es\/wp-content\/uploads\/2025\/08\/Coronas-MARCO-07.jpg 1080w\" sizes=\"auto, (max-width: 819px) 100vw, 819px\" \/><\/figure>\n<\/figure>\n<\/div>\n\n\n\n<div class=\"wp-block-column is-layout-flow wp-block-column-is-layout-flow\">\n<figure class=\"wp-block-gallery has-nested-images columns-default is-cropped wp-block-gallery-2 is-layout-flex wp-block-gallery-is-layout-flex\">\n<figure class=\"wp-block-image size-large\"><img loading=\"lazy\" decoding=\"async\" width=\"819\" height=\"1024\" data-id=\"2576\" src=\"https:\/\/adrianaarronte.com.es\/wp-content\/uploads\/2025\/07\/Coronas-2015-1-819x1024.jpg\" alt=\"\" class=\"wp-image-2576\" srcset=\"https:\/\/adrianaarronte.com.es\/wp-content\/uploads\/2025\/07\/Coronas-2015-1-819x1024.jpg 819w, https:\/\/adrianaarronte.com.es\/wp-content\/uploads\/2025\/07\/Coronas-2015-1-240x300.jpg 240w, https:\/\/adrianaarronte.com.es\/wp-content\/uploads\/2025\/07\/Coronas-2015-1-768x960.jpg 768w, https:\/\/adrianaarronte.com.es\/wp-content\/uploads\/2025\/07\/Coronas-2015-1-1229x1536.jpg 1229w, https:\/\/adrianaarronte.com.es\/wp-content\/uploads\/2025\/07\/Coronas-2015-1.jpg 1440w\" sizes=\"auto, (max-width: 819px) 100vw, 819px\" \/><\/figure>\n<\/figure>\n<\/div>\n<\/div>\n\n\n\n<div class=\"wp-block-columns is-layout-flex wp-container-core-columns-is-layout-9d6595d7 wp-block-columns-is-layout-flex\">\n<div class=\"wp-block-column is-layout-flow wp-block-column-is-layout-flow\">\n<figure class=\"wp-block-gallery has-nested-images columns-default is-cropped wp-block-gallery-3 is-layout-flex wp-block-gallery-is-layout-flex\">\n<figure class=\"wp-block-image size-large\"><img loading=\"lazy\" decoding=\"async\" width=\"1024\" height=\"478\" data-id=\"2649\" src=\"https:\/\/adrianaarronte.com.es\/wp-content\/uploads\/2025\/08\/Coronas-Museo-MARCO-07-1024x478.jpg\" alt=\"\" class=\"wp-image-2649\" srcset=\"https:\/\/adrianaarronte.com.es\/wp-content\/uploads\/2025\/08\/Coronas-Museo-MARCO-07-1024x478.jpg 1024w, https:\/\/adrianaarronte.com.es\/wp-content\/uploads\/2025\/08\/Coronas-Museo-MARCO-07-300x140.jpg 300w, https:\/\/adrianaarronte.com.es\/wp-content\/uploads\/2025\/08\/Coronas-Museo-MARCO-07-768x359.jpg 768w, https:\/\/adrianaarronte.com.es\/wp-content\/uploads\/2025\/08\/Coronas-Museo-MARCO-07-1536x717.jpg 1536w, https:\/\/adrianaarronte.com.es\/wp-content\/uploads\/2025\/08\/Coronas-Museo-MARCO-07.jpg 2000w\" sizes=\"auto, (max-width: 1024px) 100vw, 1024px\" \/><\/figure>\n<\/figure>\n<\/div>\n<\/div>\n\n\n\n<div class=\"wp-block-columns is-layout-flex wp-container-core-columns-is-layout-9d6595d7 wp-block-columns-is-layout-flex\">\n<div class=\"wp-block-column is-layout-flow wp-block-column-is-layout-flow\">\n<figure class=\"wp-block-gallery has-nested-images columns-default is-cropped wp-block-gallery-4 is-layout-flex wp-block-gallery-is-layout-flex\">\n<figure class=\"wp-block-image size-large\"><img loading=\"lazy\" decoding=\"async\" width=\"1024\" height=\"1024\" data-id=\"2642\" src=\"https:\/\/adrianaarronte.com.es\/wp-content\/uploads\/2025\/08\/Coronas-Museo-MARCO-01-1024x1024.jpg\" alt=\"\" class=\"wp-image-2642\" srcset=\"https:\/\/adrianaarronte.com.es\/wp-content\/uploads\/2025\/08\/Coronas-Museo-MARCO-01-1024x1024.jpg 1024w, https:\/\/adrianaarronte.com.es\/wp-content\/uploads\/2025\/08\/Coronas-Museo-MARCO-01-300x300.jpg 300w, https:\/\/adrianaarronte.com.es\/wp-content\/uploads\/2025\/08\/Coronas-Museo-MARCO-01-150x150.jpg 150w, https:\/\/adrianaarronte.com.es\/wp-content\/uploads\/2025\/08\/Coronas-Museo-MARCO-01-768x768.jpg 768w, https:\/\/adrianaarronte.com.es\/wp-content\/uploads\/2025\/08\/Coronas-Museo-MARCO-01.jpg 1048w\" sizes=\"auto, (max-width: 1024px) 100vw, 1024px\" \/><\/figure>\n<\/figure>\n<\/div>\n\n\n\n<div class=\"wp-block-column is-layout-flow wp-block-column-is-layout-flow\">\n<figure class=\"wp-block-gallery has-nested-images columns-default is-cropped wp-block-gallery-5 is-layout-flex wp-block-gallery-is-layout-flex\">\n<figure class=\"wp-block-image size-large\"><img loading=\"lazy\" decoding=\"async\" width=\"1024\" height=\"1024\" data-id=\"2647\" src=\"https:\/\/adrianaarronte.com.es\/wp-content\/uploads\/2025\/08\/Coronas-MARCO-04-1024x1024.jpg\" alt=\"\" class=\"wp-image-2647\" srcset=\"https:\/\/adrianaarronte.com.es\/wp-content\/uploads\/2025\/08\/Coronas-MARCO-04-1024x1024.jpg 1024w, https:\/\/adrianaarronte.com.es\/wp-content\/uploads\/2025\/08\/Coronas-MARCO-04-300x300.jpg 300w, https:\/\/adrianaarronte.com.es\/wp-content\/uploads\/2025\/08\/Coronas-MARCO-04-150x150.jpg 150w, https:\/\/adrianaarronte.com.es\/wp-content\/uploads\/2025\/08\/Coronas-MARCO-04-768x768.jpg 768w, https:\/\/adrianaarronte.com.es\/wp-content\/uploads\/2025\/08\/Coronas-MARCO-04.jpg 1048w\" sizes=\"auto, (max-width: 1024px) 100vw, 1024px\" \/><\/figure>\n<\/figure>\n<\/div>\n<\/div>\n\n\n\n<div class=\"wp-block-columns is-layout-flex wp-container-core-columns-is-layout-9d6595d7 wp-block-columns-is-layout-flex\">\n<div class=\"wp-block-column is-layout-flow wp-block-column-is-layout-flow\">\n<figure class=\"wp-block-gallery has-nested-images columns-default is-cropped wp-block-gallery-6 is-layout-flex wp-block-gallery-is-layout-flex\">\n<figure class=\"wp-block-image size-large\"><img loading=\"lazy\" decoding=\"async\" width=\"1024\" height=\"1024\" data-id=\"2644\" src=\"https:\/\/adrianaarronte.com.es\/wp-content\/uploads\/2025\/08\/Coronas-MARCO-02-1024x1024.jpg\" alt=\"\" class=\"wp-image-2644\" srcset=\"https:\/\/adrianaarronte.com.es\/wp-content\/uploads\/2025\/08\/Coronas-MARCO-02-1024x1024.jpg 1024w, https:\/\/adrianaarronte.com.es\/wp-content\/uploads\/2025\/08\/Coronas-MARCO-02-300x300.jpg 300w, https:\/\/adrianaarronte.com.es\/wp-content\/uploads\/2025\/08\/Coronas-MARCO-02-150x150.jpg 150w, https:\/\/adrianaarronte.com.es\/wp-content\/uploads\/2025\/08\/Coronas-MARCO-02-768x768.jpg 768w, https:\/\/adrianaarronte.com.es\/wp-content\/uploads\/2025\/08\/Coronas-MARCO-02.jpg 1048w\" sizes=\"auto, (max-width: 1024px) 100vw, 1024px\" \/><\/figure>\n<\/figure>\n<\/div>\n\n\n\n<div class=\"wp-block-column is-layout-flow wp-block-column-is-layout-flow\">\n<figure class=\"wp-block-gallery has-nested-images columns-default is-cropped wp-block-gallery-7 is-layout-flex wp-block-gallery-is-layout-flex\">\n<figure class=\"wp-block-image size-large\"><img loading=\"lazy\" decoding=\"async\" width=\"839\" height=\"839\" data-id=\"2656\" src=\"https:\/\/adrianaarronte.com.es\/wp-content\/uploads\/2025\/08\/Coronas-MARCO-05.jpg\" alt=\"\" class=\"wp-image-2656\" srcset=\"https:\/\/adrianaarronte.com.es\/wp-content\/uploads\/2025\/08\/Coronas-MARCO-05.jpg 839w, https:\/\/adrianaarronte.com.es\/wp-content\/uploads\/2025\/08\/Coronas-MARCO-05-300x300.jpg 300w, https:\/\/adrianaarronte.com.es\/wp-content\/uploads\/2025\/08\/Coronas-MARCO-05-150x150.jpg 150w, https:\/\/adrianaarronte.com.es\/wp-content\/uploads\/2025\/08\/Coronas-MARCO-05-768x768.jpg 768w\" sizes=\"auto, (max-width: 839px) 100vw, 839px\" \/><\/figure>\n<\/figure>\n<\/div>\n<\/div>\n\n\n\n<div class=\"wp-block-columns is-layout-flex wp-container-core-columns-is-layout-9d6595d7 wp-block-columns-is-layout-flex\">\n<div class=\"wp-block-column is-layout-flow wp-block-column-is-layout-flow\">\n<p class=\"has-small-font-size\"><a href=\"https:\/\/adrianaarronte.com.es\/index.php\/noticias\/\">EXPOSICIONES<\/a><\/p>\n<\/div>\n<\/div>\n","protected":false},"excerpt":{"rendered":"<p>Exposiciones colectivas Di\u00e1logos. Artistas mujeres en la Colecci\u00f3n Ella Fontanals-Cisneros. Museo de Arte Contempor\u00e1neo de Monterrey MARCO. 2025Curadur\u00eda Taiyana Pimentel, directora de MARCO y Sergio Fontanella, director de operaciones y colecciones de Cisneros Fontanals Art Foundation CIFO. CORONAS&nbsp;|&nbsp;CROWNS, 2015 \/ Instalaci\u00f3n | sculpture- Installation \/ Resina y metacrilato | Metacrilato and resin EXPOSICIONES<\/p>\n","protected":false},"author":1,"featured_media":0,"parent":2050,"menu_order":0,"comment_status":"closed","ping_status":"closed","template":"","meta":{"neve_meta_sidebar":"","neve_meta_container":"","neve_meta_enable_content_width":"","neve_meta_content_width":0,"neve_meta_title_alignment":"","neve_meta_author_avatar":"","neve_post_elements_order":"","neve_meta_disable_header":"","neve_meta_disable_footer":"","neve_meta_disable_title":"on","footnotes":""},"class_list":["post-2568","page","type-page","status-publish","hentry"],"yoast_head":"<!-- This site is optimized with the Yoast SEO plugin v21.6 - https:\/\/yoast.com\/wordpress\/plugins\/seo\/ -->\n<title>Exposici\u00f3n Di\u00e1logos - ADRIANA ARRONTE<\/title>\n<meta name=\"description\" content=\"El Museo de Arte Contempor\u00e1neo de Monterrey (MARCO) presenta Di\u00e1logos. Artistas mujeres en la Colecci\u00f3n Ella Fontanals-Cisneros, una muestra que explora el trabajo de destacadas creadoras dentro del arte moderno y contempor\u00e1neo, a trav\u00e9s de una de las colecciones privadas m\u00e1s reconocidas a nivel global. La curadur\u00eda est\u00e1 en manos de Taiyana Pimentel, directora de MARCO, junto a Sergio Fontanella, responsable de operaciones y colecciones de Cisneros Fontanals Art Foundation (CIFO).\" \/>\n<meta name=\"robots\" content=\"index, follow, max-snippet:-1, max-image-preview:large, max-video-preview:-1\" \/>\n<link rel=\"canonical\" href=\"https:\/\/adrianaarronte.com.es\/index.php\/noticias\/exposiciones-colectivas\/exposicion-dialogos-coleccion-ella-fontanals-cisneros\/\" \/>\n<meta property=\"og:locale\" content=\"es_ES\" \/>\n<meta property=\"og:type\" content=\"article\" \/>\n<meta property=\"og:title\" content=\"Exposici\u00f3n Di\u00e1logos - ADRIANA ARRONTE\" \/>\n<meta property=\"og:description\" content=\"El Museo de Arte Contempor\u00e1neo de Monterrey (MARCO) presenta Di\u00e1logos. Artistas mujeres en la Colecci\u00f3n Ella Fontanals-Cisneros, una muestra que explora el trabajo de destacadas creadoras dentro del arte moderno y contempor\u00e1neo, a trav\u00e9s de una de las colecciones privadas m\u00e1s reconocidas a nivel global. La curadur\u00eda est\u00e1 en manos de Taiyana Pimentel, directora de MARCO, junto a Sergio Fontanella, responsable de operaciones y colecciones de Cisneros Fontanals Art Foundation (CIFO).\" \/>\n<meta property=\"og:url\" content=\"https:\/\/adrianaarronte.com.es\/index.php\/noticias\/exposiciones-colectivas\/exposicion-dialogos-coleccion-ella-fontanals-cisneros\/\" \/>\n<meta property=\"og:site_name\" content=\"ADRIANA ARRONTE\" \/>\n<meta property=\"article:modified_time\" content=\"2025-08-21T11:39:14+00:00\" \/>\n<meta property=\"og:image\" content=\"https:\/\/adrianaarronte.com.es\/wp-content\/uploads\/2025\/08\/Coronas-Museo-MARCO-01.jpg\" \/>\n\t<meta property=\"og:image:width\" content=\"1048\" \/>\n\t<meta property=\"og:image:height\" content=\"1048\" \/>\n\t<meta property=\"og:image:type\" content=\"image\/jpeg\" \/>\n<meta name=\"twitter:card\" content=\"summary_large_image\" \/>\n<meta name=\"twitter:label1\" content=\"Tiempo de lectura\" \/>\n\t<meta name=\"twitter:data1\" content=\"2 minutos\" \/>\n<script type=\"application\/ld+json\" class=\"yoast-schema-graph\">{\"@context\":\"https:\/\/schema.org\",\"@graph\":[{\"@type\":\"WebPage\",\"@id\":\"https:\/\/adrianaarronte.com.es\/index.php\/noticias\/exposiciones-colectivas\/exposicion-dialogos-coleccion-ella-fontanals-cisneros\/\",\"url\":\"https:\/\/adrianaarronte.com.es\/index.php\/noticias\/exposiciones-colectivas\/exposicion-dialogos-coleccion-ella-fontanals-cisneros\/\",\"name\":\"Exposici\u00f3n Di\u00e1logos - ADRIANA ARRONTE\",\"isPartOf\":{\"@id\":\"https:\/\/adrianaarronte.com.es\/#website\"},\"datePublished\":\"2025-07-22T13:36:17+00:00\",\"dateModified\":\"2025-08-21T11:39:14+00:00\",\"description\":\"El Museo de Arte Contempor\u00e1neo de Monterrey (MARCO) presenta Di\u00e1logos. Artistas mujeres en la Colecci\u00f3n Ella Fontanals-Cisneros, una muestra que explora el trabajo de destacadas creadoras dentro del arte moderno y contempor\u00e1neo, a trav\u00e9s de una de las colecciones privadas m\u00e1s reconocidas a nivel global. La curadur\u00eda est\u00e1 en manos de Taiyana Pimentel, directora de MARCO, junto a Sergio Fontanella, responsable de operaciones y colecciones de Cisneros Fontanals Art Foundation (CIFO).\",\"breadcrumb\":{\"@id\":\"https:\/\/adrianaarronte.com.es\/index.php\/noticias\/exposiciones-colectivas\/exposicion-dialogos-coleccion-ella-fontanals-cisneros\/#breadcrumb\"},\"inLanguage\":\"es\",\"potentialAction\":[{\"@type\":\"ReadAction\",\"target\":[\"https:\/\/adrianaarronte.com.es\/index.php\/noticias\/exposiciones-colectivas\/exposicion-dialogos-coleccion-ella-fontanals-cisneros\/\"]}]},{\"@type\":\"BreadcrumbList\",\"@id\":\"https:\/\/adrianaarronte.com.es\/index.php\/noticias\/exposiciones-colectivas\/exposicion-dialogos-coleccion-ella-fontanals-cisneros\/#breadcrumb\",\"itemListElement\":[{\"@type\":\"ListItem\",\"position\":1,\"name\":\"Home\",\"item\":\"https:\/\/adrianaarronte.com.es\/\"},{\"@type\":\"ListItem\",\"position\":2,\"name\":\"EXPOSICIONES\",\"item\":\"https:\/\/adrianaarronte.com.es\/index.php\/noticias\/\"},{\"@type\":\"ListItem\",\"position\":3,\"name\":\"Exposiciones colectivas\",\"item\":\"https:\/\/adrianaarronte.com.es\/index.php\/noticias\/exposiciones-colectivas\/\"},{\"@type\":\"ListItem\",\"position\":4,\"name\":\"Exposici\u00f3n Di\u00e1logos\"}]},{\"@type\":\"WebSite\",\"@id\":\"https:\/\/adrianaarronte.com.es\/#website\",\"url\":\"https:\/\/adrianaarronte.com.es\/\",\"name\":\"ADRIANA ARRONTE\",\"description\":\"\",\"potentialAction\":[{\"@type\":\"SearchAction\",\"target\":{\"@type\":\"EntryPoint\",\"urlTemplate\":\"https:\/\/adrianaarronte.com.es\/?s={search_term_string}\"},\"query-input\":\"required name=search_term_string\"}],\"inLanguage\":\"es\"}]}<\/script>\n<!-- \/ Yoast SEO plugin. -->","yoast_head_json":{"title":"Exposici\u00f3n Di\u00e1logos - ADRIANA ARRONTE","description":"El Museo de Arte Contempor\u00e1neo de Monterrey (MARCO) presenta Di\u00e1logos. Artistas mujeres en la Colecci\u00f3n Ella Fontanals-Cisneros, una muestra que explora el trabajo de destacadas creadoras dentro del arte moderno y contempor\u00e1neo, a trav\u00e9s de una de las colecciones privadas m\u00e1s reconocidas a nivel global. La curadur\u00eda est\u00e1 en manos de Taiyana Pimentel, directora de MARCO, junto a Sergio Fontanella, responsable de operaciones y colecciones de Cisneros Fontanals Art Foundation (CIFO).","robots":{"index":"index","follow":"follow","max-snippet":"max-snippet:-1","max-image-preview":"max-image-preview:large","max-video-preview":"max-video-preview:-1"},"canonical":"https:\/\/adrianaarronte.com.es\/index.php\/noticias\/exposiciones-colectivas\/exposicion-dialogos-coleccion-ella-fontanals-cisneros\/","og_locale":"es_ES","og_type":"article","og_title":"Exposici\u00f3n Di\u00e1logos - ADRIANA ARRONTE","og_description":"El Museo de Arte Contempor\u00e1neo de Monterrey (MARCO) presenta Di\u00e1logos. Artistas mujeres en la Colecci\u00f3n Ella Fontanals-Cisneros, una muestra que explora el trabajo de destacadas creadoras dentro del arte moderno y contempor\u00e1neo, a trav\u00e9s de una de las colecciones privadas m\u00e1s reconocidas a nivel global. La curadur\u00eda est\u00e1 en manos de Taiyana Pimentel, directora de MARCO, junto a Sergio Fontanella, responsable de operaciones y colecciones de Cisneros Fontanals Art Foundation (CIFO).","og_url":"https:\/\/adrianaarronte.com.es\/index.php\/noticias\/exposiciones-colectivas\/exposicion-dialogos-coleccion-ella-fontanals-cisneros\/","og_site_name":"ADRIANA ARRONTE","article_modified_time":"2025-08-21T11:39:14+00:00","og_image":[{"width":1048,"height":1048,"url":"https:\/\/adrianaarronte.com.es\/wp-content\/uploads\/2025\/08\/Coronas-Museo-MARCO-01.jpg","type":"image\/jpeg"}],"twitter_card":"summary_large_image","twitter_misc":{"Tiempo de lectura":"2 minutos"},"schema":{"@context":"https:\/\/schema.org","@graph":[{"@type":"WebPage","@id":"https:\/\/adrianaarronte.com.es\/index.php\/noticias\/exposiciones-colectivas\/exposicion-dialogos-coleccion-ella-fontanals-cisneros\/","url":"https:\/\/adrianaarronte.com.es\/index.php\/noticias\/exposiciones-colectivas\/exposicion-dialogos-coleccion-ella-fontanals-cisneros\/","name":"Exposici\u00f3n Di\u00e1logos - ADRIANA ARRONTE","isPartOf":{"@id":"https:\/\/adrianaarronte.com.es\/#website"},"datePublished":"2025-07-22T13:36:17+00:00","dateModified":"2025-08-21T11:39:14+00:00","description":"El Museo de Arte Contempor\u00e1neo de Monterrey (MARCO) presenta Di\u00e1logos. Artistas mujeres en la Colecci\u00f3n Ella Fontanals-Cisneros, una muestra que explora el trabajo de destacadas creadoras dentro del arte moderno y contempor\u00e1neo, a trav\u00e9s de una de las colecciones privadas m\u00e1s reconocidas a nivel global. La curadur\u00eda est\u00e1 en manos de Taiyana Pimentel, directora de MARCO, junto a Sergio Fontanella, responsable de operaciones y colecciones de Cisneros Fontanals Art Foundation (CIFO).","breadcrumb":{"@id":"https:\/\/adrianaarronte.com.es\/index.php\/noticias\/exposiciones-colectivas\/exposicion-dialogos-coleccion-ella-fontanals-cisneros\/#breadcrumb"},"inLanguage":"es","potentialAction":[{"@type":"ReadAction","target":["https:\/\/adrianaarronte.com.es\/index.php\/noticias\/exposiciones-colectivas\/exposicion-dialogos-coleccion-ella-fontanals-cisneros\/"]}]},{"@type":"BreadcrumbList","@id":"https:\/\/adrianaarronte.com.es\/index.php\/noticias\/exposiciones-colectivas\/exposicion-dialogos-coleccion-ella-fontanals-cisneros\/#breadcrumb","itemListElement":[{"@type":"ListItem","position":1,"name":"Home","item":"https:\/\/adrianaarronte.com.es\/"},{"@type":"ListItem","position":2,"name":"EXPOSICIONES","item":"https:\/\/adrianaarronte.com.es\/index.php\/noticias\/"},{"@type":"ListItem","position":3,"name":"Exposiciones colectivas","item":"https:\/\/adrianaarronte.com.es\/index.php\/noticias\/exposiciones-colectivas\/"},{"@type":"ListItem","position":4,"name":"Exposici\u00f3n Di\u00e1logos"}]},{"@type":"WebSite","@id":"https:\/\/adrianaarronte.com.es\/#website","url":"https:\/\/adrianaarronte.com.es\/","name":"ADRIANA ARRONTE","description":"","potentialAction":[{"@type":"SearchAction","target":{"@type":"EntryPoint","urlTemplate":"https:\/\/adrianaarronte.com.es\/?s={search_term_string}"},"query-input":"required name=search_term_string"}],"inLanguage":"es"}]}},"_links":{"self":[{"href":"https:\/\/adrianaarronte.com.es\/index.php\/wp-json\/wp\/v2\/pages\/2568","targetHints":{"allow":["GET"]}}],"collection":[{"href":"https:\/\/adrianaarronte.com.es\/index.php\/wp-json\/wp\/v2\/pages"}],"about":[{"href":"https:\/\/adrianaarronte.com.es\/index.php\/wp-json\/wp\/v2\/types\/page"}],"author":[{"embeddable":true,"href":"https:\/\/adrianaarronte.com.es\/index.php\/wp-json\/wp\/v2\/users\/1"}],"replies":[{"embeddable":true,"href":"https:\/\/adrianaarronte.com.es\/index.php\/wp-json\/wp\/v2\/comments?post=2568"}],"version-history":[{"count":21,"href":"https:\/\/adrianaarronte.com.es\/index.php\/wp-json\/wp\/v2\/pages\/2568\/revisions"}],"predecessor-version":[{"id":2735,"href":"https:\/\/adrianaarronte.com.es\/index.php\/wp-json\/wp\/v2\/pages\/2568\/revisions\/2735"}],"up":[{"embeddable":true,"href":"https:\/\/adrianaarronte.com.es\/index.php\/wp-json\/wp\/v2\/pages\/2050"}],"wp:attachment":[{"href":"https:\/\/adrianaarronte.com.es\/index.php\/wp-json\/wp\/v2\/media?parent=2568"}],"curies":[{"name":"wp","href":"https:\/\/api.w.org\/{rel}","templated":true}]}}