{"id":277,"date":"2023-07-23T17:04:31","date_gmt":"2023-07-23T20:04:31","guid":{"rendered":"https:\/\/adrianaarronte.com.es\/?page_id=277"},"modified":"2025-07-14T19:35:27","modified_gmt":"2025-07-14T17:35:27","slug":"transfusion","status":"publish","type":"page","link":"https:\/\/adrianaarronte.com.es\/index.php\/obras\/performance\/transfusion\/","title":{"rendered":"Transfusi\u00f3n"},"content":{"rendered":"\n<div class=\"wp-block-columns is-layout-flex wp-container-core-columns-is-layout-9d6595d7 wp-block-columns-is-layout-flex\">\n<div class=\"wp-block-column is-layout-flow wp-block-column-is-layout-flow\">\n<figure class=\"wp-block-gallery has-nested-images columns-default is-cropped wp-block-gallery-1 is-layout-flex wp-block-gallery-is-layout-flex\">\n<figure class=\"wp-block-image size-full\"><img loading=\"lazy\" decoding=\"async\" width=\"801\" height=\"600\" data-id=\"156\" src=\"https:\/\/adrianaarronte.com.es\/wp-content\/uploads\/2023\/07\/IMG_8059-2-1.jpg\" alt=\"\" class=\"wp-image-156\" srcset=\"https:\/\/adrianaarronte.com.es\/wp-content\/uploads\/2023\/07\/IMG_8059-2-1.jpg 801w, https:\/\/adrianaarronte.com.es\/wp-content\/uploads\/2023\/07\/IMG_8059-2-1-300x225.jpg 300w, https:\/\/adrianaarronte.com.es\/wp-content\/uploads\/2023\/07\/IMG_8059-2-1-768x575.jpg 768w\" sizes=\"auto, (max-width: 801px) 100vw, 801px\" \/><\/figure>\n<\/figure>\n<\/div>\n\n\n\n<div class=\"wp-block-column is-layout-flow wp-block-column-is-layout-flow\">\n<p class=\"has-ast-global-color-2-color has-text-color has-small-font-size\"><strong>TRANSFUSI\u00d3N | TRANSFUSION<\/strong><br>2008<br>Performance, intervenci\u00f3n en fuente y pintura variable | Performance, power and paint intervention variable.<br>Pigmento sobre agua | Pigment in water.<\/p>\n\n\n\n<p class=\"has-small-font-size\">Intervenci\u00f3n realizada en el Parque Biyal\u00f3n, Calzada y C. Vedado. La Habana.<br>Mi acci\u00f3n consisti\u00f3 en llenar una fuente seca y desactivada por a\u00f1os y colorear luego el agua. Llamaba la atenci\u00f3n sobre espacios en la ciudad, vac\u00edos, desocupados del sentido que los instituye. Desde una operaci\u00f3n est\u00e9tica alud\u00eda a un fen\u00f3meno macro social.<\/p>\n\n\n\n<p class=\"has-nv-c-1-color has-text-color has-link-color has-small-font-size wp-elements-5db820b1590b3d55f069865add9b006f\">Intervention in the Park Biyal\u00f3n, Calzada and C. Vedado. La Habana. The work was part of a group exhibition DISPLACED INFORMATION. My action was to fill a dry fountain and off for years and then the water color. Drew attention to areas in the city, empty of meaning that unemployed instituted. From an aesthetic operation alluded to a macro-social phenomenon.<\/p>\n\n\n\n<p class=\"has-ast-global-color-3-color has-text-color has-small-font-size\"><\/p>\n<\/div>\n<\/div>\n\n\n\n<div class=\"wp-block-columns is-layout-flex wp-container-core-columns-is-layout-9d6595d7 wp-block-columns-is-layout-flex\">\n<div class=\"wp-block-column is-layout-flow wp-block-column-is-layout-flow\">\n<figure class=\"wp-block-gallery has-nested-images columns-default is-cropped wp-block-gallery-2 is-layout-flex wp-block-gallery-is-layout-flex\">\n<figure class=\"wp-block-image size-large\"><img loading=\"lazy\" decoding=\"async\" width=\"980\" height=\"735\" data-id=\"1953\" src=\"https:\/\/adrianaarronte.com.es\/wp-content\/uploads\/2025\/04\/transfusion-1.jpg\" alt=\"\" class=\"wp-image-1953\" srcset=\"https:\/\/adrianaarronte.com.es\/wp-content\/uploads\/2025\/04\/transfusion-1.jpg 980w, https:\/\/adrianaarronte.com.es\/wp-content\/uploads\/2025\/04\/transfusion-1-300x225.jpg 300w, https:\/\/adrianaarronte.com.es\/wp-content\/uploads\/2025\/04\/transfusion-1-768x576.jpg 768w\" sizes=\"auto, (max-width: 980px) 100vw, 980px\" \/><\/figure>\n<\/figure>\n<\/div>\n\n\n\n<div class=\"wp-block-column is-layout-flow wp-block-column-is-layout-flow\">\n<figure class=\"wp-block-gallery has-nested-images columns-default is-cropped wp-block-gallery-3 is-layout-flex wp-block-gallery-is-layout-flex\">\n<figure class=\"wp-block-image size-large\"><img loading=\"lazy\" decoding=\"async\" width=\"640\" height=\"480\" data-id=\"1954\" src=\"https:\/\/adrianaarronte.com.es\/wp-content\/uploads\/2025\/04\/transfusion-2.jpg\" alt=\"\" class=\"wp-image-1954\" srcset=\"https:\/\/adrianaarronte.com.es\/wp-content\/uploads\/2025\/04\/transfusion-2.jpg 640w, https:\/\/adrianaarronte.com.es\/wp-content\/uploads\/2025\/04\/transfusion-2-300x225.jpg 300w\" sizes=\"auto, (max-width: 640px) 100vw, 640px\" \/><\/figure>\n<\/figure>\n<\/div>\n<\/div>\n\n\n\n<div class=\"wp-block-columns is-layout-flex wp-container-core-columns-is-layout-9d6595d7 wp-block-columns-is-layout-flex\">\n<div class=\"wp-block-column is-layout-flow wp-block-column-is-layout-flow\">\n<figure class=\"wp-block-gallery has-nested-images columns-default is-cropped wp-block-gallery-4 is-layout-flex wp-block-gallery-is-layout-flex\">\n<figure class=\"wp-block-image size-large\"><img loading=\"lazy\" decoding=\"async\" width=\"980\" height=\"735\" data-id=\"1957\" src=\"https:\/\/adrianaarronte.com.es\/wp-content\/uploads\/2025\/04\/transfusion-5.jpg\" alt=\"\" class=\"wp-image-1957\" srcset=\"https:\/\/adrianaarronte.com.es\/wp-content\/uploads\/2025\/04\/transfusion-5.jpg 980w, https:\/\/adrianaarronte.com.es\/wp-content\/uploads\/2025\/04\/transfusion-5-300x225.jpg 300w, https:\/\/adrianaarronte.com.es\/wp-content\/uploads\/2025\/04\/transfusion-5-768x576.jpg 768w\" sizes=\"auto, (max-width: 980px) 100vw, 980px\" \/><\/figure>\n<\/figure>\n<\/div>\n\n\n\n<div class=\"wp-block-column is-layout-flow wp-block-column-is-layout-flow\">\n<figure class=\"wp-block-gallery has-nested-images columns-default is-cropped wp-block-gallery-5 is-layout-flex wp-block-gallery-is-layout-flex\">\n<figure class=\"wp-block-image size-large\"><img loading=\"lazy\" decoding=\"async\" width=\"836\" height=\"628\" data-id=\"1958\" src=\"https:\/\/adrianaarronte.com.es\/wp-content\/uploads\/2025\/04\/transfusion-4.jpg\" alt=\"\" class=\"wp-image-1958\" srcset=\"https:\/\/adrianaarronte.com.es\/wp-content\/uploads\/2025\/04\/transfusion-4.jpg 836w, https:\/\/adrianaarronte.com.es\/wp-content\/uploads\/2025\/04\/transfusion-4-300x225.jpg 300w, https:\/\/adrianaarronte.com.es\/wp-content\/uploads\/2025\/04\/transfusion-4-768x577.jpg 768w\" sizes=\"auto, (max-width: 836px) 100vw, 836px\" \/><\/figure>\n<\/figure>\n<\/div>\n<\/div>\n\n\n\n<div class=\"wp-block-columns is-layout-flex wp-container-core-columns-is-layout-9d6595d7 wp-block-columns-is-layout-flex\">\n<div class=\"wp-block-column is-layout-flow wp-block-column-is-layout-flow\">\n<figure class=\"wp-block-gallery has-nested-images columns-default is-cropped wp-block-gallery-6 is-layout-flex wp-block-gallery-is-layout-flex\">\n<figure class=\"wp-block-image size-large\"><img loading=\"lazy\" decoding=\"async\" width=\"640\" height=\"427\" data-id=\"1963\" src=\"https:\/\/adrianaarronte.com.es\/wp-content\/uploads\/2025\/04\/transfusion-3-1.jpg\" alt=\"\" class=\"wp-image-1963\" srcset=\"https:\/\/adrianaarronte.com.es\/wp-content\/uploads\/2025\/04\/transfusion-3-1.jpg 640w, https:\/\/adrianaarronte.com.es\/wp-content\/uploads\/2025\/04\/transfusion-3-1-300x200.jpg 300w\" sizes=\"auto, (max-width: 640px) 100vw, 640px\" \/><\/figure>\n<\/figure>\n<\/div>\n\n\n\n<div class=\"wp-block-column is-layout-flow wp-block-column-is-layout-flow\">\n<figure class=\"wp-block-gallery has-nested-images columns-default is-cropped wp-block-gallery-7 is-layout-flex wp-block-gallery-is-layout-flex\"><\/figure>\n<\/div>\n<\/div>\n","protected":false},"excerpt":{"rendered":"<p>TRANSFUSI\u00d3N | TRANSFUSION2008Performance, intervenci\u00f3n en fuente y pintura variable | Performance, power and paint intervention variable.Pigmento sobre agua | Pigment in water. Intervenci\u00f3n realizada en el Parque Biyal\u00f3n, Calzada y C. Vedado. La Habana.Mi acci\u00f3n consisti\u00f3 en llenar una fuente seca y desactivada por a\u00f1os y colorear luego el agua. Llamaba la atenci\u00f3n sobre espacios&hellip;&nbsp;<a href=\"https:\/\/adrianaarronte.com.es\/index.php\/obras\/performance\/transfusion\/\" rel=\"bookmark\"><span class=\"screen-reader-text\">Transfusi\u00f3n<\/span><\/a><\/p>\n","protected":false},"author":1,"featured_media":0,"parent":149,"menu_order":1,"comment_status":"closed","ping_status":"closed","template":"","meta":{"neve_meta_sidebar":"","neve_meta_container":"","neve_meta_enable_content_width":"","neve_meta_content_width":0,"neve_meta_title_alignment":"","neve_meta_author_avatar":"","neve_post_elements_order":"","neve_meta_disable_header":"","neve_meta_disable_footer":"","neve_meta_disable_title":"on","footnotes":""},"class_list":["post-277","page","type-page","status-publish","hentry"],"yoast_head":"<!-- This site is optimized with the Yoast SEO plugin v21.6 - https:\/\/yoast.com\/wordpress\/plugins\/seo\/ -->\n<title>Transfusi\u00f3n - ADRIANA ARRONTE<\/title>\n<meta name=\"description\" content=\"TRANSFUSI\u00d3N | TRANSFUSION, 2008. Mi acci\u00f3n consisti\u00f3 en llenar una fuente seca y desactivada por a\u00f1os y colorear el agua. Llamaba la atenci\u00f3n sobre espacios en la ciudad, vac\u00edos, desocupados del sentido que los instituye. Desde una operaci\u00f3n est\u00e9tica alud\u00eda a un fen\u00f3meno macro social.\" \/>\n<meta name=\"robots\" content=\"index, follow, max-snippet:-1, max-image-preview:large, max-video-preview:-1\" \/>\n<link rel=\"canonical\" href=\"https:\/\/adrianaarronte.com.es\/index.php\/obras\/performance\/transfusion\/\" \/>\n<meta property=\"og:locale\" content=\"es_ES\" \/>\n<meta property=\"og:type\" content=\"article\" \/>\n<meta property=\"og:title\" content=\"Transfusi\u00f3n - ADRIANA ARRONTE\" \/>\n<meta property=\"og:description\" content=\"TRANSFUSI\u00d3N | TRANSFUSION, 2008. Mi acci\u00f3n consisti\u00f3 en llenar una fuente seca y desactivada por a\u00f1os y colorear el agua. Llamaba la atenci\u00f3n sobre espacios en la ciudad, vac\u00edos, desocupados del sentido que los instituye. Desde una operaci\u00f3n est\u00e9tica alud\u00eda a un fen\u00f3meno macro social.\" \/>\n<meta property=\"og:url\" content=\"https:\/\/adrianaarronte.com.es\/index.php\/obras\/performance\/transfusion\/\" \/>\n<meta property=\"og:site_name\" content=\"ADRIANA ARRONTE\" \/>\n<meta property=\"article:modified_time\" content=\"2025-07-14T17:35:27+00:00\" \/>\n<meta property=\"og:image\" content=\"https:\/\/adrianaarronte.com.es\/wp-content\/uploads\/2023\/07\/IMG_8059-2-1.jpg\" \/>\n<meta name=\"twitter:card\" content=\"summary_large_image\" \/>\n<meta name=\"twitter:label1\" content=\"Tiempo de lectura\" \/>\n\t<meta name=\"twitter:data1\" content=\"2 minutos\" \/>\n<script type=\"application\/ld+json\" class=\"yoast-schema-graph\">{\"@context\":\"https:\/\/schema.org\",\"@graph\":[{\"@type\":\"WebPage\",\"@id\":\"https:\/\/adrianaarronte.com.es\/index.php\/obras\/performance\/transfusion\/\",\"url\":\"https:\/\/adrianaarronte.com.es\/index.php\/obras\/performance\/transfusion\/\",\"name\":\"Transfusi\u00f3n - ADRIANA ARRONTE\",\"isPartOf\":{\"@id\":\"https:\/\/adrianaarronte.com.es\/#website\"},\"datePublished\":\"2023-07-23T20:04:31+00:00\",\"dateModified\":\"2025-07-14T17:35:27+00:00\",\"description\":\"TRANSFUSI\u00d3N | TRANSFUSION, 2008. Mi acci\u00f3n consisti\u00f3 en llenar una fuente seca y desactivada por a\u00f1os y colorear el agua. Llamaba la atenci\u00f3n sobre espacios en la ciudad, vac\u00edos, desocupados del sentido que los instituye. Desde una operaci\u00f3n est\u00e9tica alud\u00eda a un fen\u00f3meno macro social.\",\"breadcrumb\":{\"@id\":\"https:\/\/adrianaarronte.com.es\/index.php\/obras\/performance\/transfusion\/#breadcrumb\"},\"inLanguage\":\"es\",\"potentialAction\":[{\"@type\":\"ReadAction\",\"target\":[\"https:\/\/adrianaarronte.com.es\/index.php\/obras\/performance\/transfusion\/\"]}]},{\"@type\":\"BreadcrumbList\",\"@id\":\"https:\/\/adrianaarronte.com.es\/index.php\/obras\/performance\/transfusion\/#breadcrumb\",\"itemListElement\":[{\"@type\":\"ListItem\",\"position\":1,\"name\":\"Home\",\"item\":\"https:\/\/adrianaarronte.com.es\/\"},{\"@type\":\"ListItem\",\"position\":2,\"name\":\"OBRAS\",\"item\":\"https:\/\/adrianaarronte.com.es\/index.php\/obras\/\"},{\"@type\":\"ListItem\",\"position\":3,\"name\":\"Performance\",\"item\":\"https:\/\/adrianaarronte.com.es\/index.php\/obras\/performance\/\"},{\"@type\":\"ListItem\",\"position\":4,\"name\":\"Transfusi\u00f3n\"}]},{\"@type\":\"WebSite\",\"@id\":\"https:\/\/adrianaarronte.com.es\/#website\",\"url\":\"https:\/\/adrianaarronte.com.es\/\",\"name\":\"ADRIANA ARRONTE\",\"description\":\"\",\"potentialAction\":[{\"@type\":\"SearchAction\",\"target\":{\"@type\":\"EntryPoint\",\"urlTemplate\":\"https:\/\/adrianaarronte.com.es\/?s={search_term_string}\"},\"query-input\":\"required name=search_term_string\"}],\"inLanguage\":\"es\"}]}<\/script>\n<!-- \/ Yoast SEO plugin. -->","yoast_head_json":{"title":"Transfusi\u00f3n - ADRIANA ARRONTE","description":"TRANSFUSI\u00d3N | TRANSFUSION, 2008. Mi acci\u00f3n consisti\u00f3 en llenar una fuente seca y desactivada por a\u00f1os y colorear el agua. Llamaba la atenci\u00f3n sobre espacios en la ciudad, vac\u00edos, desocupados del sentido que los instituye. Desde una operaci\u00f3n est\u00e9tica alud\u00eda a un fen\u00f3meno macro social.","robots":{"index":"index","follow":"follow","max-snippet":"max-snippet:-1","max-image-preview":"max-image-preview:large","max-video-preview":"max-video-preview:-1"},"canonical":"https:\/\/adrianaarronte.com.es\/index.php\/obras\/performance\/transfusion\/","og_locale":"es_ES","og_type":"article","og_title":"Transfusi\u00f3n - ADRIANA ARRONTE","og_description":"TRANSFUSI\u00d3N | TRANSFUSION, 2008. Mi acci\u00f3n consisti\u00f3 en llenar una fuente seca y desactivada por a\u00f1os y colorear el agua. Llamaba la atenci\u00f3n sobre espacios en la ciudad, vac\u00edos, desocupados del sentido que los instituye. Desde una operaci\u00f3n est\u00e9tica alud\u00eda a un fen\u00f3meno macro social.","og_url":"https:\/\/adrianaarronte.com.es\/index.php\/obras\/performance\/transfusion\/","og_site_name":"ADRIANA ARRONTE","article_modified_time":"2025-07-14T17:35:27+00:00","og_image":[{"url":"https:\/\/adrianaarronte.com.es\/wp-content\/uploads\/2023\/07\/IMG_8059-2-1.jpg"}],"twitter_card":"summary_large_image","twitter_misc":{"Tiempo de lectura":"2 minutos"},"schema":{"@context":"https:\/\/schema.org","@graph":[{"@type":"WebPage","@id":"https:\/\/adrianaarronte.com.es\/index.php\/obras\/performance\/transfusion\/","url":"https:\/\/adrianaarronte.com.es\/index.php\/obras\/performance\/transfusion\/","name":"Transfusi\u00f3n - ADRIANA ARRONTE","isPartOf":{"@id":"https:\/\/adrianaarronte.com.es\/#website"},"datePublished":"2023-07-23T20:04:31+00:00","dateModified":"2025-07-14T17:35:27+00:00","description":"TRANSFUSI\u00d3N | TRANSFUSION, 2008. Mi acci\u00f3n consisti\u00f3 en llenar una fuente seca y desactivada por a\u00f1os y colorear el agua. Llamaba la atenci\u00f3n sobre espacios en la ciudad, vac\u00edos, desocupados del sentido que los instituye. Desde una operaci\u00f3n est\u00e9tica alud\u00eda a un fen\u00f3meno macro social.","breadcrumb":{"@id":"https:\/\/adrianaarronte.com.es\/index.php\/obras\/performance\/transfusion\/#breadcrumb"},"inLanguage":"es","potentialAction":[{"@type":"ReadAction","target":["https:\/\/adrianaarronte.com.es\/index.php\/obras\/performance\/transfusion\/"]}]},{"@type":"BreadcrumbList","@id":"https:\/\/adrianaarronte.com.es\/index.php\/obras\/performance\/transfusion\/#breadcrumb","itemListElement":[{"@type":"ListItem","position":1,"name":"Home","item":"https:\/\/adrianaarronte.com.es\/"},{"@type":"ListItem","position":2,"name":"OBRAS","item":"https:\/\/adrianaarronte.com.es\/index.php\/obras\/"},{"@type":"ListItem","position":3,"name":"Performance","item":"https:\/\/adrianaarronte.com.es\/index.php\/obras\/performance\/"},{"@type":"ListItem","position":4,"name":"Transfusi\u00f3n"}]},{"@type":"WebSite","@id":"https:\/\/adrianaarronte.com.es\/#website","url":"https:\/\/adrianaarronte.com.es\/","name":"ADRIANA ARRONTE","description":"","potentialAction":[{"@type":"SearchAction","target":{"@type":"EntryPoint","urlTemplate":"https:\/\/adrianaarronte.com.es\/?s={search_term_string}"},"query-input":"required name=search_term_string"}],"inLanguage":"es"}]}},"_links":{"self":[{"href":"https:\/\/adrianaarronte.com.es\/index.php\/wp-json\/wp\/v2\/pages\/277","targetHints":{"allow":["GET"]}}],"collection":[{"href":"https:\/\/adrianaarronte.com.es\/index.php\/wp-json\/wp\/v2\/pages"}],"about":[{"href":"https:\/\/adrianaarronte.com.es\/index.php\/wp-json\/wp\/v2\/types\/page"}],"author":[{"embeddable":true,"href":"https:\/\/adrianaarronte.com.es\/index.php\/wp-json\/wp\/v2\/users\/1"}],"replies":[{"embeddable":true,"href":"https:\/\/adrianaarronte.com.es\/index.php\/wp-json\/wp\/v2\/comments?post=277"}],"version-history":[{"count":12,"href":"https:\/\/adrianaarronte.com.es\/index.php\/wp-json\/wp\/v2\/pages\/277\/revisions"}],"predecessor-version":[{"id":2296,"href":"https:\/\/adrianaarronte.com.es\/index.php\/wp-json\/wp\/v2\/pages\/277\/revisions\/2296"}],"up":[{"embeddable":true,"href":"https:\/\/adrianaarronte.com.es\/index.php\/wp-json\/wp\/v2\/pages\/149"}],"wp:attachment":[{"href":"https:\/\/adrianaarronte.com.es\/index.php\/wp-json\/wp\/v2\/media?parent=277"}],"curies":[{"name":"wp","href":"https:\/\/api.w.org\/{rel}","templated":true}]}}